Last updated on 2025-01-19 05:49:05 CET.
Flavor | Version | Tinstall | Tcheck | Ttotal | Status | Flags |
---|---|---|---|---|---|---|
r-devel-linux-x86_64-debian-clang | 0.1.1 | 11.03 | 129.15 | 140.18 | NOTE | |
r-devel-linux-x86_64-debian-gcc | 0.1.1 | 8.09 | 87.39 | 95.48 | NOTE | |
r-devel-linux-x86_64-fedora-clang | 0.1.1 | 241.98 | NOTE | |||
r-devel-linux-x86_64-fedora-gcc | 0.1.1 | 221.53 | NOTE | |||
r-devel-windows-x86_64 | 0.1.1 | 14.00 | 124.00 | 138.00 | NOTE | |
r-patched-linux-x86_64 | 0.1.1 | 10.77 | 118.25 | 129.02 | NOTE | |
r-release-linux-x86_64 | 0.1.1 | 10.79 | 118.66 | 129.45 | NOTE | |
r-release-macos-arm64 | 0.1.1 | 65.00 | NOTE | |||
r-release-macos-x86_64 | 0.1.1 | 102.00 | NOTE | |||
r-release-windows-x86_64 | 0.1.1 | 13.00 | 122.00 | 135.00 | NOTE | |
r-oldrel-macos-arm64 | 0.1.1 | 74.00 | OK | |||
r-oldrel-macos-x86_64 | 0.1.1 | 94.00 | OK | |||
r-oldrel-windows-x86_64 | 0.1.1 | 15.00 | 151.00 | 166.00 | OK |
Version: 0.1.1
Check: Rd files
Result: NOTE
checkRd: (-1) as.mbsts.Rd:71: Lost braces; missing escapes or markup?
71 | \item{states.samples}{(\code{niter}- \code{burn}) draws from p(alpha_t | Y_{1:T}).}
| ^
checkRd: (-1) mcmc.Rd:61: Lost braces; missing escapes or markup?
61 | \item{states.samples}{(\code{niter}- \code{burn}) draws from p(alpha_t | Y_{1:T}).}
| ^
Flavors: r-devel-linux-x86_64-debian-clang, r-devel-linux-x86_64-debian-gcc, r-devel-linux-x86_64-fedora-clang, r-devel-linux-x86_64-fedora-gcc, r-devel-windows-x86_64, r-patched-linux-x86_64, r-release-linux-x86_64, r-release-macos-arm64, r-release-macos-x86_64, r-release-windows-x86_64