CRAN Package Check Results for Package Census2016

Last updated on 2020-10-31 11:50:36 CET.

Flavor Version Tinstall Tcheck Ttotal Status Flags
r-devel-linux-x86_64-debian-clang 0.2.0 8.18 44.97 53.15 OK
r-devel-linux-x86_64-debian-gcc 0.2.0 7.66 35.01 42.67 OK
r-devel-linux-x86_64-fedora-clang 0.2.0 75.58 NOTE
r-devel-linux-x86_64-fedora-gcc 0.2.0 72.99 NOTE
r-devel-windows-ix86+x86_64 0.2.0 17.00 88.00 105.00 OK
r-patched-linux-x86_64 0.2.0 9.13 43.49 52.62 OK
r-patched-solaris-x86 0.2.0 85.30 NOTE
r-release-linux-x86_64 0.2.0 8.81 44.80 53.61 OK
r-release-macos-x86_64 0.2.0 NOTE
r-release-windows-ix86+x86_64 0.2.0 13.00 65.00 78.00 OK
r-oldrel-macos-x86_64 0.2.0 NOTE
r-oldrel-windows-ix86+x86_64 0.2.0 22.00 59.00 81.00 OK

Check Details

Version: 0.2.0
Check: dependencies in R code
Result: NOTE
    Namespace in Imports field not imported from: ‘data.table’
     All declared Imports should be used.
Flavors: r-devel-linux-x86_64-fedora-clang, r-devel-linux-x86_64-fedora-gcc, r-patched-solaris-x86, r-release-macos-x86_64, r-oldrel-macos-x86_64