CRAN Package Check Results for Package Census2016

Last updated on 2025-01-19 05:49:05 CET.

Flavor Version Tinstall Tcheck Ttotal Status Flags
r-devel-linux-x86_64-debian-clang 0.2.0 6.92 41.46 48.38 OK
r-devel-linux-x86_64-debian-gcc 0.2.0 6.83 31.68 38.51 OK
r-devel-linux-x86_64-fedora-clang 0.2.0 78.74 NOTE
r-devel-linux-x86_64-fedora-gcc 0.2.0 84.40 NOTE
r-devel-windows-x86_64 0.2.0 7.00 81.00 88.00 OK
r-patched-linux-x86_64 0.2.0 7.29 38.31 45.60 OK
r-release-linux-x86_64 0.2.0 7.73 37.14 44.87 OK
r-release-macos-arm64 0.2.0 34.00 OK
r-release-macos-x86_64 0.2.0 62.00 OK
r-release-windows-x86_64 0.2.0 8.00 79.00 87.00 OK
r-oldrel-macos-arm64 0.2.0 32.00 OK
r-oldrel-macos-x86_64 0.2.0 52.00 OK
r-oldrel-windows-x86_64 0.2.0 11.00 80.00 91.00 OK

Check Details

Version: 0.2.0
Check: dependencies in R code
Result: NOTE Namespace in Imports field not imported from: ‘data.table’ All declared Imports should be used. Flavors: r-devel-linux-x86_64-fedora-clang, r-devel-linux-x86_64-fedora-gcc