CRAN Package Check Results for Package ChemoSpec2D

Last updated on 2025-01-19 05:49:05 CET.

Flavor Version Tinstall Tcheck Ttotal Status Flags
r-devel-linux-x86_64-debian-clang 0.5.0 8.20 76.55 84.75 NOTE
r-devel-linux-x86_64-debian-gcc 0.5.0 5.81 53.84 59.65 NOTE
r-devel-linux-x86_64-fedora-clang 0.5.0 141.21 OK
r-devel-linux-x86_64-fedora-gcc 0.5.0 145.50 OK
r-devel-windows-x86_64 0.5.0 9.00 102.00 111.00 NOTE
r-patched-linux-x86_64 0.5.0 14.58 70.17 84.75 OK
r-release-linux-x86_64 0.5.0 6.76 69.97 76.73 OK
r-release-macos-arm64 0.5.0 42.00 OK
r-release-macos-x86_64 0.5.0 71.00 OK
r-release-windows-x86_64 0.5.0 9.00 100.00 109.00 OK
r-oldrel-macos-arm64 0.5.0 47.00 OK
r-oldrel-macos-x86_64 0.5.0 74.00 OK
r-oldrel-windows-x86_64 0.5.0 12.00 114.00 126.00 OK

Check Details

Version: 0.5.0
Check: Rd cross-references
Result: NOTE Found the following Rd file(s) with Rd \link{} targets missing package anchors: hats_alignSpectra2D.Rd: rowDist Please provide package anchors for all Rd \link{} targets not in the package itself and the base packages. Flavors: r-devel-linux-x86_64-debian-clang, r-devel-linux-x86_64-debian-gcc, r-devel-windows-x86_64