CRAN Package Check Results for Package CircMLE

Last updated on 2025-01-19 05:49:05 CET.

Flavor Version Tinstall Tcheck Ttotal Status Flags
r-devel-linux-x86_64-debian-clang 0.3.0 3.45 46.42 49.87 OK
r-devel-linux-x86_64-debian-gcc 0.3.0 2.53 30.01 32.54 OK
r-devel-linux-x86_64-fedora-clang 0.3.0 87.04 OK
r-devel-linux-x86_64-fedora-gcc 0.3.0 75.30 OK
r-devel-windows-x86_64 0.3.0 7.00 63.00 70.00 OK
r-patched-linux-x86_64 0.3.0 4.10 43.23 47.33 NOTE
r-release-linux-x86_64 0.3.0 3.20 43.56 46.76 NOTE
r-release-macos-arm64 0.3.0 23.00 NOTE
r-release-macos-x86_64 0.3.0 36.00 NOTE
r-release-windows-x86_64 0.3.0 6.00 62.00 68.00 NOTE
r-oldrel-macos-arm64 0.3.0 24.00 NOTE
r-oldrel-macos-x86_64 0.3.0 39.00 NOTE
r-oldrel-windows-x86_64 0.3.0 4.00 72.00 76.00 NOTE

Check Details

Version: 0.3.0
Check: LazyData
Result: NOTE 'LazyData' is specified without a 'data' directory Flavors: r-patched-linux-x86_64, r-release-linux-x86_64, r-release-macos-arm64, r-release-macos-x86_64, r-release-windows-x86_64, r-oldrel-macos-arm64, r-oldrel-macos-x86_64, r-oldrel-windows-x86_64