Last updated on 2024-03-28 14:48:25 CET.
Flavor | Version | Tinstall | Tcheck | Ttotal | Status | Flags |
---|---|---|---|---|---|---|
r-devel-linux-x86_64-debian-clang | 1.1.6 | 7.62 | 35.75 | 43.37 | OK | |
r-devel-linux-x86_64-debian-gcc | 1.1.6 | 5.33 | 26.03 | 31.36 | OK | |
r-devel-linux-x86_64-fedora-clang | 1.1.6 | 51.26 | NOTE | |||
r-devel-linux-x86_64-fedora-gcc | 1.1.6 | 50.79 | NOTE | |||
r-devel-windows-x86_64 | 1.1.6 | 10.00 | 54.00 | 64.00 | OK | |
r-patched-linux-x86_64 | 1.1.6 | 7.58 | 34.00 | 41.58 | OK | |
r-release-linux-x86_64 | 1.1.6 | 7.15 | 34.87 | 42.02 | OK | |
r-release-macos-arm64 | 1.1.6 | 32.00 | OK | |||
r-release-macos-x86_64 | 1.1.6 | 50.00 | OK | |||
r-release-windows-x86_64 | 1.1.6 | 12.00 | 53.00 | 65.00 | OK | |
r-oldrel-macos-arm64 | 1.1.6 | 25.00 | OK | |||
r-oldrel-windows-x86_64 | 1.1.6 | 12.00 | 56.00 | 68.00 | OK |
Version: 1.1.6
Check: compiled code
Result: NOTE
File ‘ClickClust/libs/ClickClust.so’:
Found no calls to: ‘R_registerRoutines’, ‘R_useDynamicSymbols’
It is good practice to register native routines and to disable symbol
search.
See ‘Writing portable packages’ in the ‘Writing R Extensions’ manual.
Flavors: r-devel-linux-x86_64-fedora-clang, r-devel-linux-x86_64-fedora-gcc