Last updated on 2025-01-19 05:49:05 CET.
Flavor | Version | Tinstall | Tcheck | Ttotal | Status | Flags |
---|---|---|---|---|---|---|
r-devel-linux-x86_64-debian-clang | 1.0.2 | 24.82 | 140.74 | 165.56 | NOTE | |
r-devel-linux-x86_64-debian-gcc | 1.0.2 | 18.29 | 94.27 | 112.56 | NOTE | |
r-devel-linux-x86_64-fedora-clang | 1.0.2 | 309.01 | OK | |||
r-devel-linux-x86_64-fedora-gcc | 1.0.2 | 264.70 | OK | |||
r-devel-windows-x86_64 | 1.0.2 | 31.00 | 292.00 | 323.00 | NOTE | |
r-patched-linux-x86_64 | 1.0.2 | 30.08 | 130.14 | 160.22 | OK | |
r-release-linux-x86_64 | 1.0.2 | 23.64 | 128.70 | 152.34 | OK | |
r-release-macos-arm64 | 1.0.2 | 125.00 | OK | |||
r-release-macos-x86_64 | 1.0.2 | 206.00 | OK | |||
r-release-windows-x86_64 | 1.0.2 | 29.00 | 291.00 | 320.00 | OK | |
r-oldrel-macos-arm64 | 1.0.2 | 144.00 | OK | |||
r-oldrel-macos-x86_64 | 1.0.2 | 251.00 | OK | |||
r-oldrel-windows-x86_64 | 1.0.2 | 37.00 | 368.00 | 405.00 | OK |
Version: 1.0.2
Check: Rd cross-references
Result: NOTE
Found the following Rd file(s) with Rd \link{} targets missing package
anchors:
plot.clus_lme.Rd: ggexport
plot.clus_opt_thres3.Rd: ggexport
Please provide package anchors for all Rd \link{} targets not in the
package itself and the base packages.
Flavors: r-devel-linux-x86_64-debian-clang, r-devel-linux-x86_64-debian-gcc, r-devel-windows-x86_64