CRAN Package Check Results for Package ClusVis

Last updated on 2025-01-19 05:49:05 CET.

Flavor Version Tinstall Tcheck Ttotal Status Flags
r-devel-linux-x86_64-debian-clang 1.2.0 28.37 83.70 112.07 NOTE
r-devel-linux-x86_64-debian-gcc 1.2.0 20.63 58.77 79.40 NOTE
r-devel-linux-x86_64-fedora-clang 1.2.0 200.88 OK
r-devel-linux-x86_64-fedora-gcc 1.2.0 180.22 OK
r-devel-windows-x86_64 1.2.0 35.00 108.00 143.00 NOTE
r-patched-linux-x86_64 1.2.0 31.84 76.42 108.26 OK
r-release-linux-x86_64 1.2.0 29.25 75.87 105.12 OK
r-release-macos-arm64 1.2.0 50.00 OK
r-release-macos-x86_64 1.2.0 72.00 OK
r-release-windows-x86_64 1.2.0 39.00 106.00 145.00 OK
r-oldrel-macos-arm64 1.2.0 56.00 OK
r-oldrel-macos-x86_64 1.2.0 87.00 OK
r-oldrel-windows-x86_64 1.2.0 38.00 132.00 170.00 OK

Check Details

Version: 1.2.0
Check: Rd cross-references
Result: NOTE Found the following Rd file(s) with Rd \link{} targets missing package anchors: clusvisMixmod.Rd: MixmodCluster-class clusvisVarSelLCM.Rd: VSLCMresults-class Please provide package anchors for all Rd \link{} targets not in the package itself and the base packages. Flavors: r-devel-linux-x86_64-debian-clang, r-devel-linux-x86_64-debian-gcc, r-devel-windows-x86_64