CRAN Package Check Results for Package ClusterStability

Last updated on 2018-01-16 12:46:50 CET.

Flavor Version Tinstall Tcheck Ttotal Status Flags
r-devel-linux-x86_64-debian-clang 1.0.3 16.47 70.81 87.28 NOTE
r-devel-linux-x86_64-debian-gcc 1.0.3 16.02 55.42 71.44 NOTE
r-devel-linux-x86_64-fedora-clang 1.0.3 106.96 NOTE
r-devel-linux-x86_64-fedora-gcc 1.0.3 118.76 NOTE
r-devel-windows-ix86+x86_64 1.0.3 46.00 105.00 151.00 OK
r-patched-linux-x86_64 1.0.3 18.24 76.60 94.84 NOTE
r-patched-solaris-x86 1.0.3 191.70 OK
r-release-linux-x86_64 1.0.3 18.09 75.99 94.08 NOTE
r-release-windows-ix86+x86_64 1.0.3 52.00 166.00 218.00 OK
r-release-osx-x86_64 1.0.3 OK
r-oldrel-windows-ix86+x86_64 1.0.3 56.00 116.00 172.00 OK
r-oldrel-osx-x86_64 1.0.3 OK

Check Details

Version: 1.0.3
Check: compiled code
Result: NOTE
    File ‘ClusterStability/libs/ClusterStability.so’:
     Found no calls to: ‘R_registerRoutines’, ‘R_useDynamicSymbols’
    
    It is good practice to register native routines and to disable symbol
    search.
    
    See ‘Writing portable packages’ in the ‘Writing R Extensions’ manual.
Flavors: r-devel-linux-x86_64-debian-clang, r-devel-linux-x86_64-debian-gcc, r-devel-linux-x86_64-fedora-clang, r-devel-linux-x86_64-fedora-gcc, r-patched-linux-x86_64, r-release-linux-x86_64