CRAN Package Check Results for Package ClusterStability

Last updated on 2018-06-24 12:46:25 CEST.

Flavor Version Tinstall Tcheck Ttotal Status Flags
r-devel-linux-x86_64-debian-clang 1.0.3 23.30 87.73 111.03 NOTE
r-devel-linux-x86_64-debian-gcc 1.0.3 16.90 69.79 86.69 NOTE
r-devel-linux-x86_64-fedora-clang 1.0.3 133.44 NOTE
r-devel-linux-x86_64-fedora-gcc 1.0.3 126.54 NOTE
r-devel-windows-ix86+x86_64 1.0.3 44.00 142.00 186.00 OK
r-patched-linux-x86_64 1.0.3 22.32 74.53 96.85 NOTE
r-patched-solaris-x86 1.0.3 167.40 OK
r-release-linux-x86_64 1.0.3 20.61 73.72 94.33 NOTE
r-release-windows-ix86+x86_64 1.0.3 55.00 171.00 226.00 OK
r-release-osx-x86_64 1.0.3 OK
r-oldrel-windows-ix86+x86_64 1.0.3 62.00 177.00 239.00 OK
r-oldrel-osx-x86_64 1.0.3 OK

Check Details

Version: 1.0.3
Check: compiled code
Result: NOTE
    File ‘ClusterStability/libs/ClusterStability.so’:
     Found no calls to: ‘R_registerRoutines’, ‘R_useDynamicSymbols’
    
    It is good practice to register native routines and to disable symbol
    search.
    
    See ‘Writing portable packages’ in the ‘Writing R Extensions’ manual.
Flavors: r-devel-linux-x86_64-debian-clang, r-devel-linux-x86_64-debian-gcc, r-devel-linux-x86_64-fedora-clang, r-devel-linux-x86_64-fedora-gcc, r-patched-linux-x86_64, r-release-linux-x86_64