CRAN Package Check Results for Package ClusterStability

Last updated on 2018-12-11 12:48:06 CET.

Flavor Version Tinstall Tcheck Ttotal Status Flags
r-devel-linux-x86_64-debian-clang 1.0.3 21.30 81.37 102.67 OK
r-devel-linux-x86_64-debian-gcc 1.0.3 18.27 64.46 82.73 OK
r-devel-linux-x86_64-fedora-clang 1.0.3 127.48 NOTE
r-devel-linux-x86_64-fedora-gcc 1.0.3 120.11 NOTE
r-devel-windows-ix86+x86_64 1.0.3 56.00 171.00 227.00 OK
r-patched-linux-x86_64 1.0.3 20.42 76.78 97.20 OK
r-patched-solaris-x86 1.0.3 185.00 OK
r-release-linux-x86_64 1.0.3 21.37 77.08 98.45 OK
r-release-windows-ix86+x86_64 1.0.3 36.00 130.00 166.00 OK
r-release-osx-x86_64 1.0.3 OK
r-oldrel-windows-ix86+x86_64 1.0.3 40.00 151.00 191.00 OK
r-oldrel-osx-x86_64 1.0.3 OK

Check Details

Version: 1.0.3
Check: compiled code
Result: NOTE
    File ‘ClusterStability/libs/ClusterStability.so’:
     Found no calls to: ‘R_registerRoutines’, ‘R_useDynamicSymbols’
    
    It is good practice to register native routines and to disable symbol
    search.
    
    See ‘Writing portable packages’ in the ‘Writing R Extensions’ manual.
Flavors: r-devel-linux-x86_64-fedora-clang, r-devel-linux-x86_64-fedora-gcc