CRAN Package Check Results for Package ClusterStability

Last updated on 2018-09-22 12:50:37 CEST.

Flavor Version Tinstall Tcheck Ttotal Status Flags
r-devel-linux-x86_64-debian-clang 1.0.3 23.32 93.83 117.15 OK
r-devel-linux-x86_64-debian-gcc 1.0.3 18.54 74.73 93.27 OK
r-devel-linux-x86_64-fedora-clang 1.0.3 143.76 NOTE
r-devel-linux-x86_64-fedora-gcc 1.0.3 137.51 NOTE
r-devel-windows-ix86+x86_64 1.0.3 66.00 219.00 285.00 OK
r-patched-linux-x86_64 1.0.3 22.79 75.57 98.36 OK
r-patched-solaris-x86 1.0.3 173.50 OK
r-release-linux-x86_64 1.0.3 24.41 77.09 101.50 OK
r-release-windows-ix86+x86_64 1.0.3 41.00 189.00 230.00 OK
r-release-osx-x86_64 1.0.3 OK
r-oldrel-windows-ix86+x86_64 1.0.3 44.00 129.00 173.00 OK
r-oldrel-osx-x86_64 1.0.3 OK

Check Details

Version: 1.0.3
Check: compiled code
Result: NOTE
    File ‘ClusterStability/libs/ClusterStability.so’:
     Found no calls to: ‘R_registerRoutines’, ‘R_useDynamicSymbols’
    
    It is good practice to register native routines and to disable symbol
    search.
    
    See ‘Writing portable packages’ in the ‘Writing R Extensions’ manual.
Flavors: r-devel-linux-x86_64-fedora-clang, r-devel-linux-x86_64-fedora-gcc