CRAN Package Check Results for Package ClusteredMutations

Last updated on 2025-01-19 05:49:05 CET.

Flavor Version Tinstall Tcheck Ttotal Status Flags
r-devel-linux-x86_64-debian-clang 1.0.1 2.10 61.10 63.20 NOTE
r-devel-linux-x86_64-debian-gcc 1.0.1 1.82 42.35 44.17 NOTE
r-devel-linux-x86_64-fedora-clang 1.0.1 106.53 OK
r-devel-linux-x86_64-fedora-gcc 1.0.1 110.98 OK
r-devel-windows-x86_64 1.0.1 4.00 149.00 153.00 NOTE
r-patched-linux-x86_64 1.0.1 5.81 58.93 64.74 OK
r-release-linux-x86_64 1.0.1 1.58 58.68 60.26 OK
r-release-macos-arm64 1.0.1 38.00 OK
r-release-macos-x86_64 1.0.1 61.00 OK
r-release-windows-x86_64 1.0.1 3.00 147.00 150.00 OK
r-oldrel-macos-arm64 1.0.1 54.00 OK
r-oldrel-macos-x86_64 1.0.1 83.00 OK
r-oldrel-windows-x86_64 1.0.1 4.00 153.00 157.00 OK

Check Details

Version: 1.0.1
Check: Rd cross-references
Result: NOTE Found the following Rd file(s) with Rd \link{} targets missing package anchors: dissmutmatrix.Rd: dissplot Please provide package anchors for all Rd \link{} targets not in the package itself and the base packages. Flavors: r-devel-linux-x86_64-debian-clang, r-devel-linux-x86_64-debian-gcc, r-devel-windows-x86_64