Last updated on 2025-02-14 13:49:59 CET.
Flavor | Version | Tinstall | Tcheck | Ttotal | Status | Flags |
---|---|---|---|---|---|---|
r-devel-linux-x86_64-debian-clang | 0.3-2 | 7.51 | 64.74 | 72.25 | NOTE | |
r-devel-linux-x86_64-debian-gcc | 0.3-2 | 5.41 | 50.26 | 55.67 | NOTE | |
r-devel-linux-x86_64-fedora-clang | 0.3-2 | 123.19 | OK | |||
r-devel-linux-x86_64-fedora-gcc | 0.3-2 | 109.55 | OK | |||
r-devel-windows-x86_64 | 0.3-2 | 8.00 | 90.00 | 98.00 | NOTE | |
r-patched-linux-x86_64 | 0.3-2 | 8.55 | 61.34 | 69.89 | OK | |
r-release-linux-x86_64 | 0.3-2 | 6.32 | 61.69 | 68.01 | OK | |
r-release-macos-arm64 | 0.3-2 | 34.00 | OK | |||
r-release-macos-x86_64 | 0.3-2 | 53.00 | OK | |||
r-release-windows-x86_64 | 0.3-2 | 9.00 | 91.00 | 100.00 | OK | |
r-oldrel-macos-arm64 | 0.3-2 | 38.00 | OK | |||
r-oldrel-macos-x86_64 | 0.3-2 | 63.00 | OK | |||
r-oldrel-windows-x86_64 | 0.3-2 | 11.00 | 99.00 | 110.00 | OK |
Version: 0.3-2
Check: Rd cross-references
Result: NOTE
Found the following Rd file(s) with Rd \link{} targets missing package
anchors:
CoClust-class.Rd: copula-class
CoClust.Rd: fitCopula
Please provide package anchors for all Rd \link{} targets not in the
package itself and the base packages.
Flavors: r-devel-linux-x86_64-debian-clang, r-devel-linux-x86_64-debian-gcc, r-devel-windows-x86_64