CRAN Package Check Results for Package CoDiNA

Last updated on 2025-01-19 05:49:06 CET.

Flavor Version Tinstall Tcheck Ttotal Status Flags
r-devel-linux-x86_64-debian-clang 1.1.2 5.53 39.14 44.67 OK
r-devel-linux-x86_64-debian-gcc 1.1.2 3.44 27.82 31.26 OK
r-devel-linux-x86_64-fedora-clang 1.1.2 75.07 OK
r-devel-linux-x86_64-fedora-gcc 1.1.2 69.29 OK
r-devel-windows-x86_64 1.1.2 7.00 58.00 65.00 OK
r-patched-linux-x86_64 1.1.2 5.83 35.91 41.74 OK
r-release-linux-x86_64 1.1.2 4.69 35.82 40.51 OK
r-release-macos-arm64 1.1.2 24.00 OK
r-release-macos-x86_64 1.1.2 35.00 OK
r-release-windows-x86_64 1.1.2 6.00 58.00 64.00 OK
r-oldrel-macos-arm64 1.1.2 25.00 OK
r-oldrel-macos-x86_64 1.1.2 38.00 NOTE
r-oldrel-windows-x86_64 1.1.2 8.00 65.00 73.00 OK

Check Details

Version: 1.1.2
Check: package dependencies
Result: NOTE Package suggested but not available for checking: ‘wTO’ Flavor: r-oldrel-macos-x86_64