CRAN Package Check Results for Package CoImp

Last updated on 2019-12-13 12:49:26 CET.

Flavor Version Tinstall Tcheck Ttotal Status Flags
r-devel-linux-x86_64-debian-clang 1.0 10.21 73.54 83.75 OK
r-devel-linux-x86_64-debian-gcc 1.0 9.72 57.28 67.00 OK
r-devel-linux-x86_64-fedora-clang 1.0 102.40 OK
r-devel-linux-x86_64-fedora-gcc 1.0 98.03 OK
r-devel-windows-ix86+x86_64 1.0 17.00 76.00 93.00 OK
r-devel-windows-ix86+x86_64-gcc8 1.0 21.00 110.00 131.00 OK
r-patched-linux-x86_64 1.0 9.32 65.46 74.78 OK
r-patched-solaris-x86 1.0 136.10 OK
r-release-linux-x86_64 1.0 9.16 65.64 74.80 OK
r-release-windows-ix86+x86_64 1.0 16.00 69.00 85.00 OK
r-release-osx-x86_64 1.0 OK
r-oldrel-windows-ix86+x86_64 0.3-1 11.00 86.00 97.00 OK
r-oldrel-osx-x86_64 1.0 ERROR

Check Details

Version: 1.0
Check: whether package can be installed
Result: ERROR
    Installation failed.
Flavor: r-oldrel-osx-x86_64