CRAN Package Check Results for Package CoinMinD

Last updated on 2020-06-03 12:49:03 CEST.

Flavor Version Tinstall Tcheck Ttotal Status Flags
r-devel-linux-x86_64-debian-clang 1.1 8.79 65.30 74.09 NOTE
r-devel-linux-x86_64-debian-gcc 1.1 6.97 51.87 58.84 NOTE
r-devel-linux-x86_64-fedora-clang 1.1 100.08 NOTE
r-devel-linux-x86_64-fedora-gcc 1.1 90.79 NOTE
r-devel-windows-ix86+x86_64 1.1 22.00 73.00 95.00 NOTE
r-patched-linux-x86_64 1.1 8.45 65.73 74.18 NOTE
r-patched-solaris-x86 1.1 138.50 NOTE
r-release-linux-x86_64 1.1 8.26 65.16 73.42 NOTE
r-release-osx-x86_64 1.1 NOTE
r-release-windows-ix86+x86_64 1.1 20.00 101.00 121.00 NOTE
r-oldrel-osx-x86_64 1.1 NOTE
r-oldrel-windows-ix86+x86_64 1.1 15.00 69.00 84.00 NOTE

Check Details

Version: 1.1
Check: R code for possible problems
Result: NOTE
    BMDE: no visible global function definition for 'quantile'
    BMDU: no visible global function definition for 'runif'
    BMDU: no visible global function definition for 'quantile'
    FS: no visible global function definition for 'qnorm'
    GM: no visible global function definition for 'qchisq'
    QH: no visible global function definition for 'qchisq'
    SG : sgp: no visible global function definition for 'ppois'
    SG : sgp: no visible global function definition for 'dpois'
    WALD: no visible global function definition for 'qchisq'
    WALDCC: no visible global function definition for 'qchisq'
    WS: no visible global function definition for 'qchisq'
    Undefined global functions or variables:
     dpois ppois qchisq qnorm quantile runif
    Consider adding
     importFrom("stats", "dpois", "ppois", "qchisq", "qnorm", "quantile",
     "runif")
    to your NAMESPACE file.
Flavors: r-devel-linux-x86_64-debian-clang, r-devel-linux-x86_64-debian-gcc, r-devel-linux-x86_64-fedora-clang, r-devel-linux-x86_64-fedora-gcc, r-devel-windows-ix86+x86_64, r-patched-linux-x86_64, r-patched-solaris-x86, r-release-linux-x86_64, r-release-osx-x86_64, r-release-windows-ix86+x86_64, r-oldrel-osx-x86_64, r-oldrel-windows-ix86+x86_64