Last updated on 2025-01-19 05:49:06 CET.
Flavor | Version | Tinstall | Tcheck | Ttotal | Status | Flags |
---|---|---|---|---|---|---|
r-devel-linux-x86_64-debian-clang | 1.1.4.2 | 208.14 | 167.62 | 375.76 | OK | |
r-devel-linux-x86_64-debian-gcc | 1.1.4.2 | 148.91 | 145.48 | 294.39 | OK | |
r-devel-linux-x86_64-fedora-clang | 1.1.4.2 | 625.57 | OK | |||
r-devel-linux-x86_64-fedora-gcc | 1.1.4.2 | 712.94 | OK | |||
r-devel-windows-x86_64 | 1.1.4.2 | 161.00 | 540.00 | 701.00 | OK | |
r-patched-linux-x86_64 | 1.1.4.2 | 212.09 | 170.86 | 382.95 | OK | |
r-release-linux-x86_64 | 1.1.4.2 | 207.79 | 173.11 | 380.90 | OK | |
r-release-macos-arm64 | 1.1.4.2 | 191.00 | NOTE | |||
r-release-macos-x86_64 | 1.1.4.2 | 287.00 | NOTE | |||
r-release-windows-x86_64 | 1.1.4.2 | 160.00 | 536.00 | 696.00 | OK | |
r-oldrel-macos-arm64 | 1.1.4.2 | 216.00 | NOTE | |||
r-oldrel-macos-x86_64 | 1.1.4.2 | 292.00 | NOTE | |||
r-oldrel-windows-x86_64 | 1.1.4.2 | 193.00 | 651.00 | 844.00 | OK |
Version: 1.1.4.2
Check: installed package size
Result: NOTE
installed size is 66.7Mb
sub-directories of 1Mb or more:
libs 65.5Mb
Flavors: r-release-macos-arm64, r-release-macos-x86_64, r-oldrel-macos-arm64, r-oldrel-macos-x86_64