CRAN Package Check Results for Package CombinS

Last updated on 2025-01-19 05:49:06 CET.

Flavor Version Tinstall Tcheck Ttotal Status Flags
r-devel-linux-x86_64-debian-clang 1.1-1 2.15 20.32 22.47 OK
r-devel-linux-x86_64-debian-gcc 1.1-1 1.64 15.84 17.48 OK
r-devel-linux-x86_64-fedora-clang 1.1-1 37.84 OK
r-devel-linux-x86_64-fedora-gcc 1.1-1 34.27 OK
r-devel-windows-x86_64 1.1-1 4.00 48.00 52.00 OK
r-patched-linux-x86_64 1.1-1 2.23 19.60 21.83 NOTE
r-release-linux-x86_64 1.1-1 1.91 19.58 21.49 NOTE
r-release-macos-arm64 1.1-1 16.00 NOTE
r-release-macos-x86_64 1.1-1 32.00 NOTE
r-release-windows-x86_64 1.1-1 3.00 47.00 50.00 NOTE
r-oldrel-macos-arm64 1.1-1 16.00 NOTE
r-oldrel-macos-x86_64 1.1-1 23.00 NOTE
r-oldrel-windows-x86_64 1.1-1 4.00 46.00 50.00 NOTE

Check Details

Version: 1.1-1
Check: LazyData
Result: NOTE 'LazyData' is specified without a 'data' directory Flavors: r-patched-linux-x86_64, r-release-linux-x86_64, r-release-macos-arm64, r-release-macos-x86_64, r-release-windows-x86_64, r-oldrel-macos-arm64, r-oldrel-macos-x86_64, r-oldrel-windows-x86_64