CRAN Package Check Results for Package CompMix

Last updated on 2025-01-19 05:49:06 CET.

Flavor Version Tinstall Tcheck Ttotal Status Flags
r-devel-linux-x86_64-debian-clang 0.1.0 16.93 105.03 121.96 OK
r-devel-linux-x86_64-debian-gcc 0.1.0 11.45 74.49 85.94 OK
r-devel-linux-x86_64-fedora-clang 0.1.0 203.43 NOTE
r-devel-linux-x86_64-fedora-gcc 0.1.0 178.35 NOTE
r-devel-windows-x86_64 0.1.0 19.00 113.00 132.00 OK
r-patched-linux-x86_64 0.1.0 13.18 99.32 112.50 OK
r-release-linux-x86_64 0.1.0 14.18 99.66 113.84 OK
r-release-macos-arm64 0.1.0 53.00 OK
r-release-macos-x86_64 0.1.0 74.00 OK
r-release-windows-x86_64 0.1.0 16.00 106.00 122.00 OK
r-oldrel-macos-arm64 0.1.0 57.00 OK
r-oldrel-macos-x86_64 0.1.0 150.00 OK
r-oldrel-windows-x86_64 0.1.0 21.00 131.00 152.00 OK

Check Details

Version: 0.1.0
Check: dependencies in R code
Result: NOTE Namespace in Imports field not imported from: ‘devtools’ All declared Imports should be used. Flavors: r-devel-linux-x86_64-fedora-clang, r-devel-linux-x86_64-fedora-gcc