Last updated on 2025-02-14 13:49:59 CET.
Flavor | Version | Tinstall | Tcheck | Ttotal | Status | Flags |
---|---|---|---|---|---|---|
r-devel-linux-x86_64-debian-clang | 1.0.0 | 4.97 | 55.54 | 60.51 | NOTE | |
r-devel-linux-x86_64-debian-gcc | 1.0.0 | 3.40 | 41.06 | 44.46 | NOTE | |
r-devel-linux-x86_64-fedora-clang | 1.0.0 | 99.39 | NOTE | |||
r-devel-linux-x86_64-fedora-gcc | 1.0.0 | 103.48 | NOTE | |||
r-devel-windows-x86_64 | 1.0.0 | 6.00 | 66.00 | 72.00 | NOTE | |
r-patched-linux-x86_64 | 1.0.0 | 4.46 | 52.37 | 56.83 | OK | |
r-release-linux-x86_64 | 1.0.0 | 4.88 | 52.11 | 56.99 | OK | |
r-release-macos-arm64 | 1.0.0 | 35.00 | OK | |||
r-release-macos-x86_64 | 1.0.0 | 51.00 | OK | |||
r-release-windows-x86_64 | 1.0.0 | 7.00 | 69.00 | 76.00 | OK | |
r-oldrel-macos-arm64 | 1.0.0 | 37.00 | OK | |||
r-oldrel-macos-x86_64 | 1.0.0 | 90.00 | OK | |||
r-oldrel-windows-x86_64 | 1.0.0 | 8.00 | 85.00 | 93.00 | OK |
Version: 1.0.0
Check: DESCRIPTION meta-information
Result: NOTE
Missing dependency on R >= 4.1.0 because package code uses the pipe
|> or function shorthand \(...) syntax added in R 4.1.0.
File(s) using such syntax:
‘fitmodel.R’
Flavors: r-devel-linux-x86_64-debian-clang, r-devel-linux-x86_64-debian-gcc, r-devel-linux-x86_64-fedora-clang, r-devel-linux-x86_64-fedora-gcc, r-devel-windows-x86_64