CRAN Package Check Results for Package CondCopulas

Last updated on 2025-01-19 05:49:06 CET.

Flavor Version Tinstall Tcheck Ttotal Status Flags
r-devel-linux-x86_64-debian-clang 0.1.4.1 11.75 243.49 255.24 OK
r-devel-linux-x86_64-debian-gcc 0.1.4.1 7.59 183.66 191.25 OK
r-devel-linux-x86_64-fedora-clang 0.1.4.1 417.90 OK
r-devel-linux-x86_64-fedora-gcc 0.1.4.1 417.88 OK
r-devel-windows-x86_64 0.1.4.1 12.00 314.00 326.00 OK
r-patched-linux-x86_64 0.1.4.1 11.21 234.19 245.40 OK
r-release-linux-x86_64 0.1.4.1 9.87 229.00 238.87 OK
r-release-macos-arm64 0.1.4.1 165.00 OK
r-release-macos-x86_64 0.1.4.1 206.00 WARN
r-release-windows-x86_64 0.1.4.1 12.00 311.00 323.00 OK
r-oldrel-macos-arm64 0.1.4.1 173.00 OK
r-oldrel-macos-x86_64 0.1.4.1 381.00 OK
r-oldrel-windows-x86_64 0.1.4.1 15.00 333.00 348.00 OK

Check Details

Version: 0.1.4.1
Check: whether the namespace can be loaded with stated dependencies
Result: WARN Fatal error: cannot create 'R_TempDir' A namespace must be able to be loaded with just the base namespace loaded: otherwise if the namespace gets loaded by a saved object, the session will be unable to start. Probably some imports need to be declared in the NAMESPACE file. Flavor: r-release-macos-x86_64