Last updated on 2025-01-19 05:49:06 CET.
Flavor | Version | Tinstall | Tcheck | Ttotal | Status | Flags |
---|---|---|---|---|---|---|
r-devel-linux-x86_64-debian-clang | 0.4.4 | 14.06 | 106.49 | 120.55 | OK | |
r-devel-linux-x86_64-debian-gcc | 0.4.4 | 9.43 | 75.59 | 85.02 | OK | |
r-devel-linux-x86_64-fedora-clang | 0.4.4 | 193.95 | OK | |||
r-devel-linux-x86_64-fedora-gcc | 0.4.4 | 186.29 | OK | |||
r-devel-windows-x86_64 | 0.4.4 | 13.00 | 104.00 | 117.00 | OK | |
r-patched-linux-x86_64 | 0.4.4 | 12.44 | 96.68 | 109.12 | NOTE | |
r-release-linux-x86_64 | 0.4.4 | 11.86 | 96.23 | 108.09 | NOTE | |
r-release-macos-arm64 | 0.4.4 | 48.00 | NOTE | |||
r-release-macos-x86_64 | 0.4.4 | 72.00 | NOTE | |||
r-release-windows-x86_64 | 0.4.4 | 14.00 | 100.00 | 114.00 | NOTE | |
r-oldrel-macos-arm64 | 0.4.4 | 34.00 | NOTE | |||
r-oldrel-macos-x86_64 | 0.4.4 | 60.00 | NOTE | |||
r-oldrel-windows-x86_64 | 0.4.4 | 18.00 | 128.00 | 146.00 | NOTE |
Version: 0.4.4
Check: LazyData
Result: NOTE
'LazyData' is specified without a 'data' directory
Flavors: r-patched-linux-x86_64, r-release-linux-x86_64, r-release-macos-arm64, r-release-macos-x86_64, r-release-windows-x86_64, r-oldrel-macos-arm64, r-oldrel-macos-x86_64, r-oldrel-windows-x86_64