Last updated on 2025-01-19 05:49:06 CET.
Flavor | Version | Tinstall | Tcheck | Ttotal | Status | Flags |
---|---|---|---|---|---|---|
r-devel-linux-x86_64-debian-clang | 2.1.0 | 8.24 | 205.74 | 213.98 | OK | |
r-devel-linux-x86_64-debian-gcc | 2.1.0 | 6.51 | 135.71 | 142.22 | OK | |
r-devel-linux-x86_64-fedora-clang | 2.1.0 | 329.51 | OK | |||
r-devel-linux-x86_64-fedora-gcc | 2.1.0 | 301.22 | OK | |||
r-devel-windows-x86_64 | 2.1.0 | 8.00 | 200.00 | 208.00 | OK | |
r-patched-linux-x86_64 | 2.1.0 | 7.82 | 172.78 | 180.60 | OK | |
r-release-linux-x86_64 | 2.1.0 | 7.19 | 177.69 | 184.88 | OK | |
r-release-macos-arm64 | 2.1.0 | 106.00 | OK | |||
r-release-macos-x86_64 | 2.1.0 | 191.00 | NOTE | |||
r-release-windows-x86_64 | 2.1.0 | 10.00 | 197.00 | 207.00 | OK | |
r-oldrel-macos-arm64 | 2.1.0 | 105.00 | OK | |||
r-oldrel-macos-x86_64 | 2.1.0 | 232.00 | NOTE | |||
r-oldrel-windows-x86_64 | 2.1.0 | 13.00 | 253.00 | 266.00 | OK |
Version: 2.1.0
Check: installed package size
Result: NOTE
installed size is 5.5Mb
sub-directories of 1Mb or more:
data 4.7Mb
Flavors: r-release-macos-x86_64, r-oldrel-macos-x86_64