Last updated on 2025-01-19 05:49:06 CET.
Flavor | Version | Tinstall | Tcheck | Ttotal | Status | Flags |
---|---|---|---|---|---|---|
r-devel-linux-x86_64-debian-clang | 1.0 | 6.18 | 56.57 | 62.75 | NOTE | |
r-devel-linux-x86_64-debian-gcc | 1.0 | 4.41 | 38.95 | 43.36 | NOTE | |
r-devel-linux-x86_64-fedora-clang | 1.0 | 108.65 | NOTE | |||
r-devel-linux-x86_64-fedora-gcc | 1.0 | 90.44 | NOTE | |||
r-devel-windows-x86_64 | 1.0 | 7.00 | 79.00 | 86.00 | NOTE | |
r-patched-linux-x86_64 | 1.0 | 5.59 | 51.51 | 57.10 | NOTE | |
r-release-linux-x86_64 | 1.0 | 6.03 | 50.77 | 56.80 | NOTE | |
r-release-macos-arm64 | 1.0 | 29.00 | NOTE | |||
r-release-macos-x86_64 | 1.0 | 60.00 | NOTE | |||
r-release-windows-x86_64 | 1.0 | 9.00 | 84.00 | 93.00 | NOTE | |
r-oldrel-macos-arm64 | 1.0 | 32.00 | OK | |||
r-oldrel-macos-x86_64 | 1.0 | 100.00 | OK | |||
r-oldrel-windows-x86_64 | 1.0 | 9.00 | 86.00 | 95.00 | OK |
Version: 1.0
Check: Rd files
Result: NOTE
checkRd: (-1) CovrgPlot.Rd:28: Lost braces; missing escapes or markup?
28 | \item{plotCI}{a vector of up to 4 numbers out of the set {1,2,3,4}, corresponding to which
| ^
Flavors: r-devel-linux-x86_64-debian-clang, r-devel-linux-x86_64-debian-gcc, r-devel-linux-x86_64-fedora-clang, r-devel-linux-x86_64-fedora-gcc, r-devel-windows-x86_64, r-patched-linux-x86_64, r-release-linux-x86_64, r-release-macos-arm64, r-release-macos-x86_64, r-release-windows-x86_64