Last updated on 2025-01-19 05:49:06 CET.
Flavor | Version | Tinstall | Tcheck | Ttotal | Status | Flags |
---|---|---|---|---|---|---|
r-devel-linux-x86_64-debian-clang | 1.0.0 | 12.67 | 84.10 | 96.77 | NOTE | |
r-devel-linux-x86_64-debian-gcc | 1.0.0 | 7.77 | 62.13 | 69.90 | NOTE | |
r-devel-linux-x86_64-fedora-clang | 1.0.0 | 160.91 | NOTE | |||
r-devel-linux-x86_64-fedora-gcc | 1.0.0 | 144.36 | NOTE | |||
r-devel-windows-x86_64 | 1.0.0 | 11.00 | 91.00 | 102.00 | NOTE | |
r-patched-linux-x86_64 | 1.0.0 | 10.08 | 77.55 | 87.63 | NOTE | |
r-release-linux-x86_64 | 1.0.0 | 8.86 | 78.65 | 87.51 | NOTE | |
r-release-macos-arm64 | 1.0.0 | 39.00 | NOTE | |||
r-release-macos-x86_64 | 1.0.0 | 56.00 | NOTE | |||
r-release-windows-x86_64 | 1.0.0 | 11.00 | 89.00 | 100.00 | NOTE | |
r-oldrel-macos-arm64 | 1.0.0 | 42.00 | OK | |||
r-oldrel-macos-x86_64 | 1.0.0 | 70.00 | OK | |||
r-oldrel-windows-x86_64 | 1.0.0 | 14.00 | 105.00 | 119.00 | OK |
Version: 1.0.0
Check: Rd files
Result: NOTE
checkRd: (-1) condQestCopC.Rd:45: Lost braces; missing escapes or markup?
45 | obtain the conditional qth quantile of Y_{n+1} given {Y1,...,Yn}.
| ^
checkRd: (-1) condQestCopC.Rd:45: Lost braces; missing escapes or markup?
45 | obtain the conditional qth quantile of Y_{n+1} given {Y1,...,Yn}.
| ^
checkRd: (-1) condQestCopC.Rd:40: Lost braces; missing escapes or markup?
40 | \code{condQestCopC} returns the conditional tao-th quantile of Y_{n+1} given {Y1,...,Yn}
| ^
checkRd: (-1) condQestCopC.Rd:40: Lost braces; missing escapes or markup?
40 | \code{condQestCopC} returns the conditional tao-th quantile of Y_{n+1} given {Y1,...,Yn}
| ^
Flavors: r-devel-linux-x86_64-debian-clang, r-devel-linux-x86_64-debian-gcc, r-devel-linux-x86_64-fedora-clang, r-devel-linux-x86_64-fedora-gcc, r-devel-windows-x86_64, r-patched-linux-x86_64, r-release-linux-x86_64, r-release-macos-arm64, r-release-macos-x86_64, r-release-windows-x86_64