CRAN Package Check Results for Package Copula.Markov.survival

Last updated on 2025-01-19 05:49:06 CET.

Flavor Version Tinstall Tcheck Ttotal Status Flags
r-devel-linux-x86_64-debian-clang 1.0.0 9.13 61.10 70.23 OK
r-devel-linux-x86_64-debian-gcc 1.0.0 5.71 44.01 49.72 OK
r-devel-linux-x86_64-fedora-clang 1.0.0 119.34 OK
r-devel-linux-x86_64-fedora-gcc 1.0.0 105.83 OK
r-devel-windows-x86_64 1.0.0 10.00 75.00 85.00 OK
r-patched-linux-x86_64 1.0.0 9.24 56.84 66.08 NOTE
r-release-linux-x86_64 1.0.0 7.50 58.13 65.63 NOTE
r-release-macos-arm64 1.0.0 33.00 NOTE
r-release-macos-x86_64 1.0.0 47.00 NOTE
r-release-windows-x86_64 1.0.0 8.00 72.00 80.00 NOTE
r-oldrel-macos-arm64 1.0.0 37.00 NOTE
r-oldrel-macos-x86_64 1.0.0 56.00 NOTE
r-oldrel-windows-x86_64 1.0.0 11.00 77.00 88.00 NOTE

Check Details

Version: 1.0.0
Check: LazyData
Result: NOTE 'LazyData' is specified without a 'data' directory Flavors: r-patched-linux-x86_64, r-release-linux-x86_64, r-release-macos-arm64, r-release-macos-x86_64, r-release-windows-x86_64, r-oldrel-macos-arm64, r-oldrel-macos-x86_64, r-oldrel-windows-x86_64