Last updated on 2024-04-17 13:57:24 CEST.
Flavor | Version | Tinstall | Tcheck | Ttotal | Status | Flags |
---|---|---|---|---|---|---|
r-devel-linux-x86_64-debian-clang | 1.0.1 | 22.42 | 188.21 | 210.63 | NOTE | |
r-devel-linux-x86_64-debian-gcc | 1.0.1 | 16.46 | 139.45 | 155.91 | NOTE | |
r-devel-linux-x86_64-fedora-clang | 1.0.1 | 269.87 | NOTE | |||
r-devel-linux-x86_64-fedora-gcc | 1.0.1 | 252.48 | NOTE | |||
r-prerel-macos-arm64 | 1.0.1 | 70.00 | NOTE | |||
r-prerel-windows-x86_64 | 1.0.1 | 16.00 | 158.00 | 174.00 | ERROR | |
r-patched-linux-x86_64 | 1.0.1 | 27.55 | 176.84 | 204.39 | NOTE | |
r-release-linux-x86_64 | 1.0.1 | 28.52 | 177.91 | 206.43 | OK | |
r-release-macos-arm64 | 1.0.1 | 64.00 | OK | |||
r-release-macos-x86_64 | 1.0.1 | 99.00 | OK | |||
r-release-windows-x86_64 | 1.0.1 | 22.00 | 162.00 | 184.00 | OK | |
r-oldrel-macos-arm64 | 1.0.1 | 9.00 | ERROR | |||
r-oldrel-windows-x86_64 | 1.0.1 | 26.00 | 167.00 | 193.00 | OK |
Version: 1.0.1
Check: Rd files
Result: NOTE
checkRd: (-1) cdtamodel.Rd:15-19: Lost braces in \itemize; meant \describe ?
checkRd: (-1) cdtamodel.Rd:20-21: Lost braces in \itemize; meant \describe ?
checkRd: (-1) cdtamodel.Rd:22-23: Lost braces in \itemize; meant \describe ?
checkRd: (-1) cdtamodel.Rd:24-25: Lost braces in \itemize; meant \describe ?
checkRd: (-1) cdtamodel.Rd:26-31: Lost braces in \itemize; meant \describe ?
checkRd: (-1) cdtamodel.Rd:32-33: Lost braces in \itemize; meant \describe ?
checkRd: (-1) cdtamodel.Rd:34-35: Lost braces in \itemize; meant \describe ?
checkRd: (-1) cdtamodel.Rd:36-38: Lost braces in \itemize; meant \describe ?
checkRd: (-1) cdtamodel.Rd:39: Lost braces in \itemize; meant \describe ?
checkRd: (-1) cdtamodel.Rd:40-41: Lost braces in \itemize; meant \describe ?
checkRd: (-1) cdtamodel.Rd:42-44: Lost braces in \itemize; meant \describe ?
checkRd: (-1) cdtamodel.Rd:45-46: Lost braces in \itemize; meant \describe ?
checkRd: (-1) cdtamodel.Rd:47: Lost braces in \itemize; meant \describe ?
checkRd: (-1) cdtamodel.Rd:48: Lost braces in \itemize; meant \describe ?
Flavors: r-devel-linux-x86_64-debian-clang, r-devel-linux-x86_64-debian-gcc, r-devel-linux-x86_64-fedora-clang, r-devel-linux-x86_64-fedora-gcc, r-prerel-macos-arm64, r-prerel-windows-x86_64, r-patched-linux-x86_64
Version: 1.0.1
Check: Rd \usage sections
Result: NOTE
Documented arguments not in \usage in Rd file 'ft.Rd':
‘theta’
Functions with \usage entries need to have the appropriate \alias
entries, and all their arguments documented.
The \usage entries must correspond to syntactically valid R code.
See chapter ‘Writing R documentation files’ in the ‘Writing R
Extensions’ manual.
Flavors: r-devel-linux-x86_64-debian-clang, r-devel-linux-x86_64-debian-gcc, r-devel-linux-x86_64-fedora-clang, r-devel-linux-x86_64-fedora-gcc, r-prerel-macos-arm64, r-prerel-windows-x86_64, r-patched-linux-x86_64
Version: 1.0.1
Check: re-building of vignette outputs
Result: ERROR
Error(s) in re-building vignettes:
--- re-building 'CopulaDTA_Vignette.Rmd' using rmarkdown
Quitting from lines at lines 264-268 [unnamed-chunk-6] (CopulaDTA_Vignette.Rmd)
Error: processing vignette 'CopulaDTA_Vignette.Rmd' failed with diagnostics:
Timeout was reached: [www.dropbox.com] Resolving timed out after 10013 milliseconds
--- failed re-building 'CopulaDTA_Vignette.Rmd'
SUMMARY: processing the following file failed:
'CopulaDTA_Vignette.Rmd'
Error: Vignette re-building failed.
Execution halted
Flavor: r-prerel-windows-x86_64
Version: 1.0.1
Check: package dependencies
Result: ERROR
Packages required and available but unsuitable versions:
'stats', 'grDevices'
See section ‘The DESCRIPTION file’ in the ‘Writing R Extensions’
manual.
Flavor: r-oldrel-macos-arm64