Last updated on 2024-03-28 14:48:26 CET.
Flavor | Version | Tinstall | Tcheck | Ttotal | Status | Flags |
---|---|---|---|---|---|---|
r-devel-linux-x86_64-debian-clang | 2.0.2 | 4.97 | 76.12 | 81.09 | NOTE | |
r-devel-linux-x86_64-debian-gcc | 2.0.2 | 4.00 | 58.12 | 62.12 | NOTE | |
r-devel-linux-x86_64-fedora-clang | 2.0.2 | 103.75 | NOTE | |||
r-devel-linux-x86_64-fedora-gcc | 2.0.2 | 111.87 | NOTE | |||
r-devel-windows-x86_64 | 2.0.2 | 5.00 | 83.00 | 88.00 | NOTE | |
r-patched-linux-x86_64 | 2.0.2 | 8.80 | 73.84 | 82.64 | NOTE | |
r-release-linux-x86_64 | 2.0.2 | 4.31 | 72.72 | 77.03 | OK | |
r-release-macos-arm64 | 2.0.2 | 46.00 | OK | |||
r-release-macos-x86_64 | 2.0.2 | 65.00 | OK | |||
r-release-windows-x86_64 | 2.0.2 | 6.00 | 93.00 | 99.00 | OK | |
r-oldrel-macos-arm64 | 2.0.2 | 29.00 | OK | |||
r-oldrel-windows-x86_64 | 2.0.2 | 7.00 | 97.00 | 104.00 | OK |
Version: 2.0.2
Check: Rd files
Result: NOTE
checkRd: (-1) carstats.Rd:11: Lost braces in \itemize; meant \describe ?
checkRd: (-1) carstats.Rd:12: Lost braces in \itemize; meant \describe ?
checkRd: (-1) carstats.Rd:13: Lost braces in \itemize; meant \describe ?
checkRd: (-1) carstats.Rd:14: Lost braces in \itemize; meant \describe ?
checkRd: (-1) carstats.Rd:15: Lost braces in \itemize; meant \describe ?
checkRd: (-1) carstats.Rd:16: Lost braces in \itemize; meant \describe ?
checkRd: (-1) carstats.Rd:17: Lost braces in \itemize; meant \describe ?
checkRd: (-1) carstats.Rd:18: Lost braces in \itemize; meant \describe ?
checkRd: (-1) carstats.Rd:19: Lost braces in \itemize; meant \describe ?
checkRd: (-1) titanic.Rd:11: Lost braces in \itemize; meant \describe ?
checkRd: (-1) titanic.Rd:12: Lost braces in \itemize; meant \describe ?
checkRd: (-1) titanic.Rd:13: Lost braces in \itemize; meant \describe ?
checkRd: (-1) titanic.Rd:14: Lost braces in \itemize; meant \describe ?
Flavors: r-devel-linux-x86_64-debian-clang, r-devel-linux-x86_64-debian-gcc, r-devel-linux-x86_64-fedora-clang, r-devel-linux-x86_64-fedora-gcc, r-devel-windows-x86_64, r-patched-linux-x86_64