Last updated on 2025-01-19 05:49:06 CET.
Flavor | Version | Tinstall | Tcheck | Ttotal | Status | Flags |
---|---|---|---|---|---|---|
r-devel-linux-x86_64-debian-clang | 1.3.3 | 3.49 | 47.35 | 50.84 | OK | |
r-devel-linux-x86_64-debian-gcc | 1.3.3 | 2.21 | 33.80 | 36.01 | OK | |
r-devel-linux-x86_64-fedora-clang | 1.3.3 | 91.12 | OK | |||
r-devel-linux-x86_64-fedora-gcc | 1.3.3 | 94.05 | OK | |||
r-devel-windows-x86_64 | 1.3.3 | 6.00 | 82.00 | 88.00 | OK | |
r-patched-linux-x86_64 | 1.3.3 | 3.07 | 63.01 | 66.08 | OK | |
r-release-linux-x86_64 | 1.3.3 | 3.08 | 61.29 | 64.37 | OK | |
r-release-macos-arm64 | 1.3.3 | 36.00 | OK | |||
r-release-macos-x86_64 | 1.3.3 | 59.00 | OK | |||
r-release-windows-x86_64 | 1.3.3 | 4.00 | 82.00 | 86.00 | OK | |
r-oldrel-macos-arm64 | 1.3.3 | 33.00 | NOTE | |||
r-oldrel-macos-x86_64 | 1.3.3 | 57.00 | NOTE | |||
r-oldrel-windows-x86_64 | 1.3.3 | 5.00 | 87.00 | 92.00 | OK |
Version: 1.3.3
Check: package dependencies
Result: NOTE
Package suggested but not available for checking: ‘xcms’
Flavors: r-oldrel-macos-arm64, r-oldrel-macos-x86_64