CRAN Package Check Results for Package CorrectedFDR

Last updated on 2025-01-19 05:49:06 CET.

Flavor Version Tinstall Tcheck Ttotal Status Flags
r-devel-linux-x86_64-debian-clang 1.1 1.71 16.68 18.39 OK
r-devel-linux-x86_64-debian-gcc 1.1 1.31 13.76 15.07 OK
r-devel-linux-x86_64-fedora-clang 1.1 31.25 OK
r-devel-linux-x86_64-fedora-gcc 1.1 27.34 OK
r-devel-windows-x86_64 1.1 3.00 40.00 43.00 OK
r-patched-linux-x86_64 1.1 1.71 15.98 17.69 OK
r-release-linux-x86_64 1.1 1.51 15.77 17.28 OK
r-release-macos-arm64 1.1 14.00 NOTE
r-release-macos-x86_64 1.1 26.00 OK
r-release-windows-x86_64 1.1 3.00 39.00 42.00 OK
r-oldrel-macos-arm64 1.1 14.00 NOTE
r-oldrel-macos-x86_64 1.1 19.00 NOTE
r-oldrel-windows-x86_64 1.1 3.00 41.00 44.00 OK

Check Details

Version: 1.1
Check: package dependencies
Result: NOTE Package suggested but not available for checking: ‘ProData’ Flavors: r-release-macos-arm64, r-oldrel-macos-arm64, r-oldrel-macos-x86_64