Last updated on 2025-01-19 05:49:06 CET.
Flavor | Version | Tinstall | Tcheck | Ttotal | Status | Flags |
---|---|---|---|---|---|---|
r-devel-linux-x86_64-debian-clang | 1.4.9 | 3.53 | 30.93 | 34.46 | OK | |
r-devel-linux-x86_64-debian-gcc | 1.4.9 | 2.44 | 24.00 | 26.44 | OK | |
r-devel-linux-x86_64-fedora-clang | 1.4.9 | 63.49 | NOTE | |||
r-devel-linux-x86_64-fedora-gcc | 1.4.9 | 56.05 | NOTE | |||
r-devel-windows-x86_64 | 1.4.9 | 6.00 | 53.00 | 59.00 | OK | |
r-patched-linux-x86_64 | 1.4.9 | 3.68 | 29.93 | 33.61 | OK | |
r-release-linux-x86_64 | 1.4.9 | 3.44 | 29.20 | 32.64 | OK | |
r-release-macos-arm64 | 1.4.9 | 24.00 | OK | |||
r-release-macos-x86_64 | 1.4.9 | 39.00 | OK | |||
r-release-windows-x86_64 | 1.4.9 | 6.00 | 52.00 | 58.00 | OK | |
r-oldrel-macos-arm64 | 1.4.9 | 27.00 | OK | |||
r-oldrel-macos-x86_64 | 1.4.9 | 43.00 | OK | |||
r-oldrel-windows-x86_64 | 1.4.9 | 7.00 | 58.00 | 65.00 | OK |
Version: 1.4.9
Check: dependencies in R code
Result: NOTE
Namespaces in Imports field not imported from:
‘DT’ ‘dplyr’ ‘geosphere’ ‘mapdata’ ‘maps’ ‘marmap’ ‘shinydashboard’
‘shinyjs’ ‘stringr’ ‘swfscDAS’
All declared Imports should be used.
Flavors: r-devel-linux-x86_64-fedora-clang, r-devel-linux-x86_64-fedora-gcc