Last updated on 2024-03-28 14:48:26 CET.
Flavor | Version | Tinstall | Tcheck | Ttotal | Status | Flags |
---|---|---|---|---|---|---|
r-devel-linux-x86_64-debian-clang | 0.4.2.1 | 16.73 | 56.40 | 73.13 | OK | |
r-devel-linux-x86_64-debian-gcc | 0.4.2.1 | 13.04 | 44.02 | 57.06 | OK | |
r-devel-linux-x86_64-fedora-clang | 0.4.2.1 | 91.08 | NOTE | |||
r-devel-linux-x86_64-fedora-gcc | 0.4.2.1 | 102.68 | OK | |||
r-devel-windows-x86_64 | 0.4.2.1 | 24.00 | 74.00 | 98.00 | OK | |
r-patched-linux-x86_64 | 0.4.2.1 | 16.54 | 54.12 | 70.66 | OK | |
r-release-linux-x86_64 | 0.4.2.1 | 16.41 | 54.59 | 71.00 | OK | |
r-release-macos-arm64 | 0.4.2.1 | 41.00 | OK | |||
r-release-macos-x86_64 | 0.4.2.1 | 60.00 | OK | |||
r-release-windows-x86_64 | 0.4.2.1 | 30.00 | 76.00 | 106.00 | OK | |
r-oldrel-macos-arm64 | 0.4.2.1 | 33.00 | OK | |||
r-oldrel-windows-x86_64 | 0.4.2.1 | 31.00 | 83.00 | 114.00 | OK |
Version: 0.4.2.1
Check: Rd cross-references
Result: NOTE
Undeclared package ‘caret’ in Rd xrefs
Flavor: r-devel-linux-x86_64-fedora-clang