CRAN Package Check Results for Package CureAuxSP

Last updated on 2025-01-19 05:49:06 CET.

Flavor Version Tinstall Tcheck Ttotal Status Flags
r-devel-linux-x86_64-debian-clang 0.0.1 2.38 25.79 28.17 OK
r-devel-linux-x86_64-debian-gcc 0.0.1 2.03 19.78 21.81 OK
r-devel-linux-x86_64-fedora-clang 0.0.1 48.31 NOTE
r-devel-linux-x86_64-fedora-gcc 0.0.1 47.10 NOTE
r-devel-windows-x86_64 0.0.1 5.00 48.00 53.00 OK
r-patched-linux-x86_64 0.0.1 2.05 24.33 26.38 OK
r-release-linux-x86_64 0.0.1 2.70 24.53 27.23 OK
r-release-macos-arm64 0.0.1 9.00 ERROR
r-release-macos-x86_64 0.0.1 10.00 ERROR
r-release-windows-x86_64 0.0.1 6.00 54.00 60.00 OK
r-oldrel-macos-arm64 0.0.1 19.00 ERROR
r-oldrel-macos-x86_64 0.0.1 13.00 ERROR
r-oldrel-windows-x86_64 0.0.1 6.00 50.00 56.00 OK

Check Details

Version: 0.0.1
Check: dependencies in R code
Result: NOTE Namespace in Imports field not imported from: ‘TCGAbiolinks’ All declared Imports should be used. Flavors: r-devel-linux-x86_64-fedora-clang, r-devel-linux-x86_64-fedora-gcc

Version: 0.0.1
Check: package dependencies
Result: ERROR Package required but not available: ‘TCGAbiolinks’ See section ‘The DESCRIPTION file’ in the ‘Writing R Extensions’ manual. Flavors: r-release-macos-arm64, r-release-macos-x86_64, r-oldrel-macos-arm64, r-oldrel-macos-x86_64