Last updated on 2025-01-19 05:49:06 CET.
Flavor | Version | Tinstall | Tcheck | Ttotal | Status | Flags |
---|---|---|---|---|---|---|
r-devel-linux-x86_64-debian-clang | 3.5.0 | 192.17 | 109.50 | 301.67 | OK | |
r-devel-linux-x86_64-debian-gcc | 3.5.0 | 159.08 | 77.46 | 236.54 | OK | |
r-devel-linux-x86_64-fedora-clang | 3.5.0 | 582.02 | OK | |||
r-devel-linux-x86_64-fedora-gcc | 3.5.0 | 630.70 | OK | |||
r-devel-windows-x86_64 | 3.5.0 | 218.00 | 157.00 | 375.00 | OK | |
r-patched-linux-x86_64 | 3.5.0 | 214.90 | 104.47 | 319.37 | OK | |
r-release-linux-x86_64 | 3.5.0 | 220.68 | 103.72 | 324.40 | OK | |
r-release-macos-arm64 | 3.5.0 | 130.00 | NOTE | |||
r-release-macos-x86_64 | 3.5.0 | 196.00 | NOTE | |||
r-release-windows-x86_64 | 3.5.0 | 222.00 | 163.00 | 385.00 | OK | |
r-oldrel-macos-arm64 | 3.5.0 | 136.00 | NOTE | |||
r-oldrel-macos-x86_64 | 3.5.0 | 196.00 | NOTE | |||
r-oldrel-windows-x86_64 | 3.5.0 | 271.00 | 199.00 | 470.00 | OK |
Version: 3.5.0
Check: installed package size
Result: NOTE
installed size is 28.2Mb
sub-directories of 1Mb or more:
libs 27.3Mb
Flavors: r-release-macos-arm64, r-release-macos-x86_64, r-oldrel-macos-arm64, r-oldrel-macos-x86_64