CRAN Package Check Results for Package CytoSimplex

Last updated on 2025-01-19 05:49:06 CET.

Flavor Version Tinstall Tcheck Ttotal Status Flags
r-devel-linux-x86_64-debian-clang 0.1.1 36.77 170.58 207.35 NOTE
r-devel-linux-x86_64-debian-gcc 0.1.1 29.25 123.05 152.30 NOTE
r-devel-linux-x86_64-fedora-clang 0.1.1 376.75 OK
r-devel-linux-x86_64-fedora-gcc 0.1.1 382.30 OK
r-devel-windows-x86_64 0.1.1 40.00 174.00 214.00 NOTE
r-patched-linux-x86_64 0.1.1 38.13 155.77 193.90 OK
r-release-linux-x86_64 0.1.1 38.10 157.87 195.97 OK
r-release-macos-arm64 0.1.1 119.00 NOTE
r-release-macos-x86_64 0.1.1 148.00 NOTE
r-release-windows-x86_64 0.1.1 41.00 177.00 218.00 OK
r-oldrel-macos-arm64 0.1.1 111.00 NOTE
r-oldrel-macos-x86_64 0.1.1 177.00 NOTE
r-oldrel-windows-x86_64 0.1.1 46.00 217.00 263.00 OK

Check Details

Version: 0.1.1
Check: Rd cross-references
Result: NOTE Found the following Rd file(s) with Rd \link{} targets missing package anchors: rnaRaw.Rd: dgCMatrix-class rnaVelo.Rd: dgCMatrix-class Please provide package anchors for all Rd \link{} targets not in the package itself and the base packages. Flavors: r-devel-linux-x86_64-debian-clang, r-devel-linux-x86_64-debian-gcc, r-devel-windows-x86_64

Version: 0.1.1
Check: installed package size
Result: NOTE installed size is 6.3Mb sub-directories of 1Mb or more: data 1.5Mb doc 1.1Mb libs 3.0Mb Flavors: r-release-macos-arm64, r-release-macos-x86_64, r-oldrel-macos-arm64, r-oldrel-macos-x86_64