Last updated on 2024-05-01 16:52:51 CEST.
Flavor | Version | Tinstall | Tcheck | Ttotal | Status | Flags |
---|---|---|---|---|---|---|
r-devel-linux-x86_64-debian-clang | 1.2.0 | 18.96 | 185.26 | 204.22 | OK | |
r-devel-linux-x86_64-debian-gcc | 1.2.0 | 15.28 | 134.26 | 149.54 | OK | |
r-devel-linux-x86_64-fedora-clang | 1.2.0 | 260.35 | NOTE | |||
r-devel-linux-x86_64-fedora-gcc | 1.2.0 | 271.95 | OK | |||
r-devel-windows-x86_64 | 1.2.0 | 17.00 | 138.00 | 155.00 | NOTE | |
r-patched-linux-x86_64 | 1.2.0 | 19.05 | 174.64 | 193.69 | OK | |
r-release-linux-x86_64 | 1.2.0 | 14.27 | 170.79 | 185.06 | OK | |
r-release-macos-arm64 | 1.2.0 | 73.00 | NOTE | |||
r-release-windows-x86_64 | 1.2.0 | 16.00 | 137.00 | 153.00 | NOTE | |
r-oldrel-macos-arm64 | 1.2.0 | 84.00 | NOTE | |||
r-oldrel-macos-x86_64 | 1.2.0 | 137.00 | NOTE | |||
r-oldrel-windows-x86_64 | 1.2.0 | 23.00 | 173.00 | 196.00 | NOTE |
Version: 1.2.0
Check: installed package size
Result: NOTE
installed size is 5.1Mb
sub-directories of 1Mb or more:
doc 4.4Mb
Flavors: r-devel-linux-x86_64-fedora-clang, r-devel-windows-x86_64, r-release-macos-arm64, r-release-windows-x86_64, r-oldrel-macos-arm64, r-oldrel-macos-x86_64, r-oldrel-windows-x86_64