CRAN Package Check Results for Package DAAG

Last updated on 2019-10-13 12:46:09 CEST.

Flavor Version Tinstall Tcheck Ttotal Status Flags
r-devel-linux-x86_64-debian-clang 1.22.1 8.19 87.88 96.07 NOTE
r-devel-linux-x86_64-debian-gcc 1.22.1 6.86 68.78 75.64 NOTE
r-devel-linux-x86_64-fedora-clang 1.22.1 117.15 NOTE
r-devel-linux-x86_64-fedora-gcc 1.22.1 121.58 NOTE
r-devel-windows-ix86+x86_64 1.22.1 42.00 130.00 172.00 OK
r-patched-linux-x86_64 1.22.1 10.04 86.50 96.54 OK
r-patched-solaris-x86 1.22.1 154.10 OK
r-release-linux-x86_64 1.22.1 7.67 87.13 94.80 OK
r-release-windows-ix86+x86_64 1.22.1 27.00 184.00 211.00 OK
r-release-osx-x86_64 1.22.1 OK
r-oldrel-windows-ix86+x86_64 1.22.1 13.00 106.00 119.00 OK
r-oldrel-osx-x86_64 1.22.1 OK

Check Details

Version: 1.22.1
Check: for non-standard things in the check directory
Result: NOTE
    Found the following files/directories:
     'bands.txt' 'bands2.txt' 'bandsframe.txt'
Flavors: r-devel-linux-x86_64-debian-clang, r-devel-linux-x86_64-debian-gcc, r-devel-linux-x86_64-fedora-clang, r-devel-linux-x86_64-fedora-gcc