Last updated on 2025-01-19 05:49:06 CET.
Flavor | Version | Tinstall | Tcheck | Ttotal | Status | Flags |
---|---|---|---|---|---|---|
r-devel-linux-x86_64-debian-clang | 0.63-4 | 3.32 | 40.95 | 44.27 | OK | |
r-devel-linux-x86_64-debian-gcc | 0.63-4 | 2.49 | 30.82 | 33.31 | OK | |
r-devel-linux-x86_64-fedora-clang | 0.63-4 | 75.61 | OK | |||
r-devel-linux-x86_64-fedora-gcc | 0.63-4 | 88.13 | OK | |||
r-devel-windows-x86_64 | 0.63-4 | 7.00 | 71.00 | 78.00 | OK | |
r-patched-linux-x86_64 | 0.63-4 | 3.33 | 38.51 | 41.84 | OK | |
r-release-linux-x86_64 | 0.63-4 | 2.76 | 38.28 | 41.04 | OK | |
r-release-macos-arm64 | 0.63-4 | 28.00 | OK | |||
r-release-macos-x86_64 | 0.63-4 | 44.00 | WARN | |||
r-release-windows-x86_64 | 0.63-4 | 4.00 | 69.00 | 73.00 | OK | |
r-oldrel-macos-arm64 | 0.63-4 | 31.00 | OK | |||
r-oldrel-macos-x86_64 | 0.63-4 | 65.00 | OK | |||
r-oldrel-windows-x86_64 | 0.63-4 | 5.00 | 68.00 | 73.00 | OK |
Version: 0.63-4
Check: re-building of vignette outputs
Result: WARN
Error(s) in re-building vignettes:
...
--- re-building ‘marray-notes.Rnw’ using knitr
Error: processing vignette 'marray-notes.Rnw' failed with diagnostics:
Running 'texi2dvi' on 'marray-notes.tex' failed.
LaTeX errors:
! Undefined control sequence.
l.173 \hlkwd{library}\hldef
{(DAAGbio)}
?
! Emergency stop.
! Emergency stop.
l.173
End of file on the terminal!
! ==> Fatal error occurred, no output PDF file produced!
--- failed re-building ‘marray-notes.Rnw’
SUMMARY: processing the following file failed:
‘marray-notes.Rnw’
Error: Vignette re-building failed.
Execution halted
Flavor: r-release-macos-x86_64