Last updated on 2024-04-17 13:57:25 CEST.
Flavor | Version | Tinstall | Tcheck | Ttotal | Status | Flags |
---|---|---|---|---|---|---|
r-devel-linux-x86_64-debian-clang | 1.2.2 | 8.11 | 95.89 | 104.00 | OK | |
r-devel-linux-x86_64-debian-gcc | 1.2.2 | 6.25 | 72.27 | 78.52 | OK | |
r-devel-linux-x86_64-fedora-clang | 1.2.2 | 135.63 | NOTE | |||
r-devel-linux-x86_64-fedora-gcc | 1.2.2 | 144.95 | OK | |||
r-prerel-macos-arm64 | 1.2.2 | 50.00 | OK | |||
r-prerel-macos-x86_64 | 1.2.2 | 167.00 | OK | |||
r-prerel-windows-x86_64 | 1.2.2 | 11.00 | 111.00 | 122.00 | OK | |
r-patched-linux-x86_64 | 1.2.2 | 12.79 | 91.62 | 104.41 | OK | |
r-release-linux-x86_64 | 1.2.2 | 8.40 | 93.11 | 101.51 | OK | |
r-release-macos-arm64 | 1.2.2 | 88.00 | OK | |||
r-release-macos-x86_64 | 1.2.2 | 181.00 | OK | |||
r-release-windows-x86_64 | 1.2.2 | 8.00 | 125.00 | 133.00 | OK | |
r-oldrel-macos-arm64 | 1.2.2 | 81.00 | OK | |||
r-oldrel-windows-x86_64 | 1.2.2 | 15.00 | 113.00 | 128.00 | OK |
Version: 1.2.2
Check: Rd cross-references
Result: NOTE
Undeclared package ‘withr’ in Rd xrefs
Flavor: r-devel-linux-x86_64-fedora-clang