Last updated on 2025-01-19 05:49:06 CET.
Flavor | Version | Tinstall | Tcheck | Ttotal | Status | Flags |
---|---|---|---|---|---|---|
r-devel-linux-x86_64-debian-clang | 0.1.0 | 46.07 | 341.42 | 387.49 | OK | |
r-devel-linux-x86_64-debian-gcc | 0.1.0 | 32.03 | 246.10 | 278.13 | OK | |
r-devel-linux-x86_64-fedora-clang | 0.1.0 | 660.87 | OK | |||
r-devel-linux-x86_64-fedora-gcc | 0.1.0 | 639.64 | OK | |||
r-devel-windows-x86_64 | 0.1.0 | 42.00 | 278.00 | 320.00 | OK | |
r-patched-linux-x86_64 | 0.1.0 | 39.90 | 312.61 | 352.51 | OK | |
r-release-linux-x86_64 | 0.1.0 | 42.28 | 307.98 | 350.26 | OK | |
r-release-macos-arm64 | 0.1.0 | 152.00 | OK | |||
r-release-macos-x86_64 | 0.1.0 | 228.00 | OK | |||
r-release-windows-x86_64 | 0.1.0 | 40.00 | 276.00 | 316.00 | OK | |
r-oldrel-macos-arm64 | 0.1.0 | 17.00 | ERROR | |||
r-oldrel-macos-x86_64 | 0.1.0 | 10.00 | ERROR | |||
r-oldrel-windows-x86_64 | 0.1.0 | 51.00 | 368.00 | 419.00 | OK |
Version: 0.1.0
Check: package dependencies
Result: ERROR
Package required but not available: ‘dada2’
See section ‘The DESCRIPTION file’ in the ‘Writing R Extensions’
manual.
Flavors: r-oldrel-macos-arm64, r-oldrel-macos-x86_64