CRAN Package Check Results for Package DCEM

Last updated on 2025-01-19 05:49:06 CET.

Flavor Version Tinstall Tcheck Ttotal Status Flags
r-devel-linux-x86_64-debian-clang 2.0.5 10.73 34.56 45.29 NOTE
r-devel-linux-x86_64-debian-gcc 2.0.5 8.18 26.52 34.70 NOTE
r-devel-linux-x86_64-fedora-clang 2.0.5 82.29 NOTE
r-devel-linux-x86_64-fedora-gcc 2.0.5 88.99 NOTE
r-devel-windows-x86_64 2.0.5 15.00 78.00 93.00 NOTE
r-patched-linux-x86_64 2.0.5 11.68 32.22 43.90 NOTE
r-release-linux-x86_64 2.0.5 10.73 32.40 43.13 NOTE
r-release-macos-arm64 2.0.5 32.00 NOTE
r-release-macos-x86_64 2.0.5 50.00 NOTE
r-release-windows-x86_64 2.0.5 14.00 84.00 98.00 NOTE
r-oldrel-macos-arm64 2.0.5 33.00 NOTE
r-oldrel-macos-x86_64 2.0.5 50.00 NOTE
r-oldrel-windows-x86_64 2.0.5 17.00 89.00 106.00 NOTE

Check Details

Version: 2.0.5
Check: package subdirectories
Result: NOTE Problems with news in ‘NEWS.md’: No news entries found. Flavors: r-devel-linux-x86_64-debian-clang, r-devel-linux-x86_64-debian-gcc, r-devel-linux-x86_64-fedora-clang, r-devel-linux-x86_64-fedora-gcc, r-devel-windows-x86_64, r-patched-linux-x86_64, r-release-linux-x86_64, r-release-macos-arm64, r-release-macos-x86_64, r-release-windows-x86_64, r-oldrel-macos-arm64, r-oldrel-macos-x86_64, r-oldrel-windows-x86_64