CRAN Package Check Results for Package DDRTree

Last updated on 2025-01-19 05:49:06 CET.

Flavor Version Tinstall Tcheck Ttotal Status Flags
r-devel-linux-x86_64-debian-clang 0.1.5 61.77 52.82 114.59 NOTE
r-devel-linux-x86_64-debian-gcc 0.1.5 50.46 46.74 97.20 NOTE
r-devel-linux-x86_64-fedora-clang 0.1.5 179.78 NOTE
r-devel-linux-x86_64-fedora-gcc 0.1.5 220.91 NOTE
r-devel-windows-x86_64 0.1.5 56.00 87.00 143.00 NOTE
r-patched-linux-x86_64 0.1.5 64.30 56.69 120.99 NOTE
r-release-linux-x86_64 0.1.5 66.49 58.22 124.71 NOTE
r-release-macos-arm64 0.1.5 49.00 NOTE
r-release-macos-x86_64 0.1.5 79.00 NOTE
r-release-windows-x86_64 0.1.5 56.00 88.00 144.00 NOTE
r-oldrel-macos-arm64 0.1.5 61.00 NOTE
r-oldrel-macos-x86_64 0.1.5 92.00 NOTE
r-oldrel-windows-x86_64 0.1.5 60.00 111.00 171.00 NOTE

Check Details

Version: 0.1.5
Check: C++ specification
Result: NOTE Specified C++11: please drop specification unless essential Flavors: r-devel-linux-x86_64-debian-clang, r-devel-linux-x86_64-debian-gcc, r-devel-linux-x86_64-fedora-clang, r-devel-linux-x86_64-fedora-gcc, r-devel-windows-x86_64, r-patched-linux-x86_64, r-release-linux-x86_64, r-release-macos-arm64, r-release-macos-x86_64, r-release-windows-x86_64, r-oldrel-macos-arm64, r-oldrel-macos-x86_64, r-oldrel-windows-x86_64

Version: 0.1.5
Check: installed package size
Result: NOTE installed size is 29.0Mb sub-directories of 1Mb or more: libs 28.9Mb Flavors: r-release-macos-arm64, r-release-macos-x86_64, r-oldrel-macos-arm64, r-oldrel-macos-x86_64