CRAN Package Check Results for Package DEploid

Last updated on 2025-01-19 05:49:06 CET.

Flavor Version Tinstall Tcheck Ttotal Status Flags
r-devel-linux-x86_64-debian-clang 0.5.6 62.76 125.15 187.91 OK
r-devel-linux-x86_64-debian-gcc 0.5.6 47.19 91.50 138.69 WARN
r-devel-linux-x86_64-fedora-clang 0.5.6 374.89 OK
r-devel-linux-x86_64-fedora-gcc 0.5.6 384.00 WARN
r-devel-windows-x86_64 0.5.6 96.00 231.00 327.00 OK
r-patched-linux-x86_64 0.5.6 70.10 126.14 196.24 OK
r-release-linux-x86_64 0.5.6 71.49 127.09 198.58 OK
r-release-macos-arm64 0.5.6 117.00 NOTE
r-release-macos-x86_64 0.5.6 169.00 NOTE
r-release-windows-x86_64 0.5.6 102.00 230.00 332.00 OK
r-oldrel-macos-arm64 0.5.6 148.00 NOTE
r-oldrel-macos-x86_64 0.5.6 265.00 NOTE
r-oldrel-windows-x86_64 0.5.6 114.00 324.00 438.00 OK

Additional issues

gcc

Check Details

Version: 0.5.6
Check: whether package can be installed
Result: WARN Found the following significant warnings: DEploid/param.hpp:82:19: warning: template-id not allowed for constructor in C++20 [-Wtemplate-id-cdtor] DEploid/param.hpp:83:20: warning: template-id not allowed for constructor in C++20 [-Wtemplate-id-cdtor] DEploid/param.hpp:87:19: warning: template-id not allowed for constructor in C++20 [-Wtemplate-id-cdtor] See ‘/home/hornik/tmp/R.check/r-devel-gcc/Work/PKGS/DEploid.Rcheck/00install.out’ for details. * used C compiler: ‘gcc-14 (Debian 14.2.0-12) 14.2.0’ * used C++ compiler: ‘g++-14 (Debian 14.2.0-12) 14.2.0’ Flavor: r-devel-linux-x86_64-debian-gcc

Version: 0.5.6
Check: whether package can be installed
Result: WARN Found the following significant warnings: DEploid/param.hpp:82:19: warning: template-id not allowed for constructor in C++20 [-Wtemplate-id-cdtor] DEploid/param.hpp:83:20: warning: template-id not allowed for constructor in C++20 [-Wtemplate-id-cdtor] DEploid/param.hpp:87:19: warning: template-id not allowed for constructor in C++20 [-Wtemplate-id-cdtor] See ‘/data/gannet/ripley/R/packages/tests-devel/DEploid.Rcheck/00install.out’ for details. * used C compiler: ‘gcc-14 (GCC) 14.2.0’ * used C++ compiler: ‘g++-14 (GCC) 14.2.0’ Flavor: r-devel-linux-x86_64-fedora-gcc

Version: 0.5.6
Check: installed package size
Result: NOTE installed size is 7.1Mb sub-directories of 1Mb or more: libs 6.6Mb Flavors: r-release-macos-arm64, r-release-macos-x86_64, r-oldrel-macos-arm64, r-oldrel-macos-x86_64