Last updated on 2024-05-01 16:52:51 CEST.
Flavor | Version | Tinstall | Tcheck | Ttotal | Status | Flags |
---|---|---|---|---|---|---|
r-devel-linux-x86_64-debian-clang | 0.1.0 | 62.01 | 530.71 | 592.72 | OK | |
r-devel-linux-x86_64-debian-gcc | 0.1.0 | 52.02 | 390.66 | 442.68 | OK | |
r-devel-linux-x86_64-fedora-clang | 0.1.0 | 748.27 | OK | |||
r-devel-linux-x86_64-fedora-gcc | 0.1.0 | 757.96 | OK | |||
r-devel-windows-x86_64 | 0.1.0 | 54.00 | 354.00 | 408.00 | OK | |
r-patched-linux-x86_64 | 0.1.0 | 60.30 | 497.52 | 557.82 | OK | |
r-release-linux-x86_64 | 0.1.0 | 49.48 | 487.36 | 536.84 | OK | |
r-release-macos-arm64 | 0.1.0 | 5.00 | ERROR | |||
r-release-macos-x86_64 | 0.1.0 | 373.00 | OK | |||
r-release-windows-x86_64 | 0.1.0 | 58.00 | 348.00 | 406.00 | OK | |
r-oldrel-macos-arm64 | 0.1.0 | 12.00 | ERROR | |||
r-oldrel-macos-x86_64 | 0.1.0 | 7.00 | ERROR | |||
r-oldrel-windows-x86_64 | 0.1.0 | 1.00 | 5.00 | 6.00 | ERROR |
Version: 0.1.0
Check: package dependencies
Result: ERROR
Package required but not available: ‘signatureSearch’
See section ‘The DESCRIPTION file’ in the ‘Writing R Extensions’
manual.
Flavor: r-release-macos-arm64
Version: 0.1.0
Check: package dependencies
Result: ERROR
Packages required but not available:
'signatureSearch', 'signatureSearchData'
See section ‘The DESCRIPTION file’ in the ‘Writing R Extensions’
manual.
Flavors: r-oldrel-macos-arm64, r-oldrel-macos-x86_64
Version: 0.1.0
Check: package dependencies
Result: ERROR
Package required but not available: 'signatureSearchData'
See section 'The DESCRIPTION file' in the 'Writing R Extensions'
manual.
Flavor: r-oldrel-windows-x86_64