CRAN Package Check Results for Package DGM

Last updated on 2025-01-19 05:49:07 CET.

Flavor Version Tinstall Tcheck Ttotal Status Flags
r-devel-linux-x86_64-debian-clang 1.7.4 28.61 101.21 129.82 NOTE
r-devel-linux-x86_64-debian-gcc 1.7.4 21.23 69.89 91.12 NOTE
r-devel-linux-x86_64-fedora-clang 1.7.4 213.92 NOTE
r-devel-linux-x86_64-fedora-gcc 1.7.4 199.45 NOTE
r-devel-windows-x86_64 1.7.4 33.00 124.00 157.00 NOTE
r-patched-linux-x86_64 1.7.4 28.12 90.76 118.88 NOTE
r-release-linux-x86_64 1.7.4 27.43 92.60 120.03 NOTE
r-release-macos-arm64 1.7.4 54.00 NOTE
r-release-macos-x86_64 1.7.4 111.00 NOTE
r-release-windows-x86_64 1.7.4 33.00 126.00 159.00 NOTE
r-oldrel-macos-arm64 1.7.4 57.00 NOTE
r-oldrel-macos-x86_64 1.7.4 106.00 NOTE
r-oldrel-windows-x86_64 1.7.4 41.00 157.00 198.00 NOTE

Check Details

Version: 1.7.4
Check: C++ specification
Result: NOTE Specified C++11: please drop specification unless essential Flavors: r-devel-linux-x86_64-debian-clang, r-devel-linux-x86_64-debian-gcc, r-devel-linux-x86_64-fedora-clang, r-devel-linux-x86_64-fedora-gcc, r-devel-windows-x86_64, r-patched-linux-x86_64, r-release-linux-x86_64, r-release-macos-arm64, r-release-macos-x86_64, r-release-windows-x86_64, r-oldrel-macos-arm64, r-oldrel-macos-x86_64, r-oldrel-windows-x86_64