Last updated on 2024-04-17 13:57:26 CEST.
Flavor | Version | Tinstall | Tcheck | Ttotal | Status | Flags |
---|---|---|---|---|---|---|
r-devel-linux-x86_64-debian-clang | 6.0.6 | 125.80 | 124.65 | 250.45 | NOTE | |
r-devel-linux-x86_64-debian-gcc | 6.0.6 | 109.92 | 87.80 | 197.72 | NOTE | |
r-devel-linux-x86_64-fedora-clang | 6.0.6 | 309.00 | NOTE | |||
r-devel-linux-x86_64-fedora-gcc | 6.0.6 | 346.95 | NOTE | |||
r-prerel-macos-arm64 | 6.0.6 | 75.00 | NOTE | |||
r-prerel-windows-x86_64 | 6.0.6 | 90.00 | 163.00 | 253.00 | NOTE | --no-vignettes |
r-patched-linux-x86_64 | 6.0.6 | 123.07 | 116.03 | 239.10 | NOTE | |
r-release-linux-x86_64 | 6.0.6 | 95.45 | 114.70 | 210.15 | NOTE | |
r-release-macos-arm64 | 6.0.6 | 77.00 | NOTE | |||
r-release-macos-x86_64 | 6.0.6 | 143.00 | NOTE | |||
r-release-windows-x86_64 | 6.0.6 | 129.00 | 192.00 | 321.00 | NOTE | --no-vignettes |
r-oldrel-macos-arm64 | 6.0.6 | 72.00 | NOTE | |||
r-oldrel-windows-x86_64 | 6.0.6 | 115.00 | 185.00 | 300.00 | NOTE | --no-vignettes |
Version: 6.0.6
Check: package subdirectories
Result: NOTE
Problems with news in ‘NEWS.md’:
Cannot extract version info from the following section titles:
Changes to previous versions
Minor changes
Fixes
Previous Versions
Flavors: r-devel-linux-x86_64-debian-clang, r-devel-linux-x86_64-debian-gcc, r-devel-linux-x86_64-fedora-clang, r-devel-linux-x86_64-fedora-gcc, r-prerel-macos-arm64, r-patched-linux-x86_64, r-release-linux-x86_64, r-release-macos-arm64, r-release-macos-x86_64
Version: 6.0.6
Check: installed package size
Result: NOTE
installed size is 47.9Mb
sub-directories of 1Mb or more:
libs 47.2Mb
Flavors: r-prerel-macos-arm64, r-release-macos-arm64, r-release-macos-x86_64, r-oldrel-macos-arm64
Version: 6.0.6
Flags: --no-vignettes
Check: installed package size
Result: NOTE
installed size is 14.2Mb
sub-directories of 1Mb or more:
libs 13.5Mb
Flavors: r-prerel-windows-x86_64, r-release-windows-x86_64, r-oldrel-windows-x86_64
Version: 6.0.6
Flags: --no-vignettes
Check: package subdirectories
Result: NOTE
Problems with news in 'NEWS.md':
Cannot extract version info from the following section titles:
Changes to previous versions
Minor changes
Fixes
Previous Versions
Flavors: r-prerel-windows-x86_64, r-release-windows-x86_64