Last updated on 2024-05-01 16:52:52 CEST.
Flavor | Version | Tinstall | Tcheck | Ttotal | Status | Flags |
---|---|---|---|---|---|---|
r-devel-linux-x86_64-debian-clang | 2.1.0 | 9.41 | 120.16 | 129.57 | OK | |
r-devel-linux-x86_64-debian-gcc | 2.1.0 | 9.06 | 91.59 | 100.65 | OK | |
r-devel-linux-x86_64-fedora-clang | 2.1.0 | 166.15 | NOTE | |||
r-devel-linux-x86_64-fedora-gcc | 2.1.0 | 183.54 | NOTE | |||
r-devel-windows-x86_64 | 2.1.0 | 11.00 | 105.00 | 116.00 | OK | |
r-patched-linux-x86_64 | 2.1.0 | 10.87 | 114.51 | 125.38 | OK | |
r-release-linux-x86_64 | 2.1.0 | 9.01 | 113.70 | 122.71 | OK | |
r-release-macos-arm64 | 2.1.0 | 60.00 | OK | |||
r-release-windows-x86_64 | 2.1.0 | 11.00 | 105.00 | 116.00 | OK | |
r-oldrel-macos-arm64 | 2.1.0 | 67.00 | OK | |||
r-oldrel-macos-x86_64 | 2.1.0 | 98.00 | OK | |||
r-oldrel-windows-x86_64 | 2.1.0 | 14.00 | 124.00 | 138.00 | OK |
Version: 2.1.0
Check: data for non-ASCII characters
Result: NOTE
Note: found 100 marked UTF-8 strings
Flavors: r-devel-linux-x86_64-fedora-clang, r-devel-linux-x86_64-fedora-gcc