CRAN Package Check Results for Package DOT

Last updated on 2020-09-24 12:50:39 CEST.

Flavor Version Tinstall Tcheck Ttotal Status Flags
r-devel-linux-x86_64-debian-clang 0.1 3.25 29.57 32.82 NOTE
r-devel-linux-x86_64-debian-gcc 0.1 2.43 23.58 26.01 NOTE
r-devel-linux-x86_64-fedora-clang 0.1 48.26 NOTE
r-devel-linux-x86_64-fedora-gcc 0.1 44.90 NOTE
r-devel-windows-ix86+x86_64 0.1 12.00 64.00 76.00 OK
r-patched-linux-x86_64 0.1 3.16 28.61 31.77 NOTE
r-patched-solaris-x86 0.1 63.40 NOTE
r-release-linux-x86_64 0.1 3.07 28.85 31.92 NOTE
r-release-macos-x86_64 0.1 OK
r-release-windows-ix86+x86_64 0.1 9.00 65.00 74.00 OK
r-oldrel-macos-x86_64 0.1 OK
r-oldrel-windows-ix86+x86_64 0.1 7.00 64.00 71.00 OK

Check Details

Version: 0.1
Check: for non-standard things in the check directory
Result: NOTE
    Found the following files/directories:
     'myfile.ps' 'myfile.svg'
Flavors: r-devel-linux-x86_64-debian-clang, r-devel-linux-x86_64-debian-gcc, r-devel-linux-x86_64-fedora-clang, r-devel-linux-x86_64-fedora-gcc, r-patched-linux-x86_64, r-patched-solaris-x86, r-release-linux-x86_64