Last updated on 2024-05-01 16:52:52 CEST.
Flavor | Version | Tinstall | Tcheck | Ttotal | Status | Flags |
---|---|---|---|---|---|---|
r-devel-linux-x86_64-debian-clang | 1.10 | 100.76 | 280.34 | 381.10 | OK | |
r-devel-linux-x86_64-debian-gcc | 1.10 | 76.88 | 194.99 | 271.87 | OK | |
r-devel-linux-x86_64-fedora-clang | 1.10 | 490.46 | OK | |||
r-devel-linux-x86_64-fedora-gcc | 1.10 | 512.67 | OK | |||
r-devel-windows-x86_64 | 1.10 | 76.00 | 211.00 | 287.00 | OK | |
r-patched-linux-x86_64 | 1.10 | 95.82 | 265.58 | 361.40 | OK | |
r-release-linux-x86_64 | 1.10 | 97.11 | 265.01 | 362.12 | OK | |
r-release-macos-arm64 | 1.10 | 119.00 | NOTE | |||
r-release-windows-x86_64 | 1.10 | 81.00 | 218.00 | 299.00 | OK | |
r-oldrel-macos-arm64 | 1.10 | 131.00 | NOTE | |||
r-oldrel-macos-x86_64 | 1.10 | 227.00 | NOTE | |||
r-oldrel-windows-x86_64 | 1.10 | 97.00 | 272.00 | 369.00 | OK |
Version: 1.10
Check: installed package size
Result: NOTE
installed size is 5.0Mb
sub-directories of 1Mb or more:
libs 4.4Mb
Flavors: r-release-macos-arm64, r-oldrel-macos-arm64, r-oldrel-macos-x86_64