CRAN Package Check Results for Package DPP

Last updated on 2025-01-19 05:49:07 CET.

Flavor Version Tinstall Tcheck Ttotal Status Flags
r-devel-linux-x86_64-debian-clang 0.1.2 34.66 44.65 79.31 OK
r-devel-linux-x86_64-debian-gcc 0.1.2 27.86 33.38 61.24 OK
r-devel-linux-x86_64-fedora-clang 0.1.2 137.20 OK
r-devel-linux-x86_64-fedora-gcc 0.1.2 159.84 OK
r-devel-windows-x86_64 0.1.2 35.00 83.00 118.00 OK
r-patched-linux-x86_64 0.1.2 39.38 42.47 81.85 OK
r-release-linux-x86_64 0.1.2 35.40 42.71 78.11 OK
r-release-macos-arm64 0.1.2 42.00 NOTE
r-release-macos-x86_64 0.1.2 72.00 NOTE
r-release-windows-x86_64 0.1.2 38.00 80.00 118.00 OK
r-oldrel-macos-arm64 0.1.2 49.00 NOTE
r-oldrel-macos-x86_64 0.1.2 84.00 NOTE
r-oldrel-windows-x86_64 0.1.2 43.00 96.00 139.00 OK

Check Details

Version: 0.1.2
Check: installed package size
Result: NOTE installed size is 6.3Mb sub-directories of 1Mb or more: libs 5.7Mb Flavors: r-release-macos-arm64, r-release-macos-x86_64, r-oldrel-macos-arm64, r-oldrel-macos-x86_64