CRAN Package Check Results for Package DR.SC

Last updated on 2025-01-19 05:49:07 CET.

Flavor Version Tinstall Tcheck Ttotal Status Flags
r-devel-linux-x86_64-debian-clang 3.4 106.84 266.41 373.25 NOTE
r-devel-linux-x86_64-debian-gcc 3.4 81.44 184.13 265.57 NOTE
r-devel-linux-x86_64-fedora-clang 3.4 683.47 OK
r-devel-linux-x86_64-fedora-gcc 3.4 689.39 OK
r-devel-windows-x86_64 3.4 105.00 246.00 351.00 NOTE
r-patched-linux-x86_64 3.4 112.57 247.88 360.45 OK
r-release-linux-x86_64 3.4 112.51 244.50 357.01 OK
r-release-macos-arm64 3.4 152.00 NOTE
r-release-macos-x86_64 3.4 216.00 NOTE
r-release-windows-x86_64 3.4 108.00 245.00 353.00 OK
r-oldrel-macos-arm64 3.4 163.00 NOTE
r-oldrel-macos-x86_64 3.4 364.00 NOTE
r-oldrel-windows-x86_64 3.4 136.00 323.00 459.00 OK

Check Details

Version: 3.4
Check: Rd cross-references
Result: NOTE Found the following Rd file(s) with Rd \link{} targets missing package anchors: DR.SC.Rd: Seurat drscPlot.Rd: DimPlot readscRNAseq.Rd: ReadMtx Please provide package anchors for all Rd \link{} targets not in the package itself and the base packages. Flavors: r-devel-linux-x86_64-debian-clang, r-devel-linux-x86_64-debian-gcc, r-devel-windows-x86_64

Version: 3.4
Check: installed package size
Result: NOTE installed size is 9.6Mb sub-directories of 1Mb or more: data 1.6Mb libs 7.7Mb Flavors: r-release-macos-arm64, r-release-macos-x86_64, r-oldrel-macos-arm64, r-oldrel-macos-x86_64