CRAN Package Check Results for Package DRR

Last updated on 2025-01-19 05:49:07 CET.

Flavor Version Tinstall Tcheck Ttotal Status Flags
r-devel-linux-x86_64-debian-clang 0.0.4 7.70 200.05 207.75 OK
r-devel-linux-x86_64-debian-gcc 0.0.4 5.77 132.27 138.04 OK
r-devel-linux-x86_64-fedora-clang 0.0.4 329.16 OK
r-devel-linux-x86_64-fedora-gcc 0.0.4 324.46 OK
r-devel-windows-x86_64 0.0.4 9.00 173.00 182.00 OK
r-patched-linux-x86_64 0.0.4 6.72 190.37 197.09 NOTE
r-release-linux-x86_64 0.0.4 7.19 187.44 194.63 NOTE
r-release-macos-arm64 0.0.4 84.00 NOTE
r-release-macos-x86_64 0.0.4 138.00 NOTE
r-release-windows-x86_64 0.0.4 9.00 176.00 185.00 NOTE
r-oldrel-macos-arm64 0.0.4 91.00 NOTE
r-oldrel-macos-x86_64 0.0.4 175.00 NOTE
r-oldrel-windows-x86_64 0.0.4 9.00 240.00 249.00 NOTE

Check Details

Version: 0.0.4
Check: LazyData
Result: NOTE 'LazyData' is specified without a 'data' directory Flavors: r-patched-linux-x86_64, r-release-linux-x86_64, r-release-macos-arm64, r-release-macos-x86_64, r-release-windows-x86_64, r-oldrel-macos-arm64, r-oldrel-macos-x86_64, r-oldrel-windows-x86_64