CRAN Package Check Results for Package DSMolgenisArmadillo

Last updated on 2025-01-19 05:49:07 CET.

Flavor Version Tinstall Tcheck Ttotal Status Flags
r-devel-linux-x86_64-debian-clang 2.0.9 5.20 55.43 60.63 OK
r-devel-linux-x86_64-debian-gcc 2.0.9 4.35 41.41 45.76 OK
r-devel-linux-x86_64-fedora-clang 2.0.9 104.20 OK
r-devel-linux-x86_64-fedora-gcc 2.0.9 152.86 OK
r-devel-windows-x86_64 2.0.9 9.00 75.00 84.00 OK
r-patched-linux-x86_64 2.0.9 5.97 51.83 57.80 NOTE
r-release-linux-x86_64 2.0.9 6.07 51.17 57.24 NOTE
r-release-macos-arm64 2.0.9 62.00 NOTE
r-release-macos-x86_64 2.0.9 129.00 NOTE
r-release-windows-x86_64 2.0.9 7.00 74.00 81.00 NOTE
r-oldrel-macos-arm64 2.0.9 72.00 NOTE
r-oldrel-macos-x86_64 2.0.9 108.00 NOTE
r-oldrel-windows-x86_64 2.0.9 9.00 84.00 93.00 NOTE

Check Details

Version: 2.0.9
Check: package dependencies
Result: NOTE Package suggested but not available for checking: ‘dsBaseClient’ Flavors: r-patched-linux-x86_64, r-release-linux-x86_64, r-release-macos-arm64, r-release-macos-x86_64, r-release-windows-x86_64, r-oldrel-macos-arm64, r-oldrel-macos-x86_64, r-oldrel-windows-x86_64